CRAN Package Check Results for Package ASPBay

Last updated on 2019-01-16 18:46:46 CET.

Flavor Version Tinstall Tcheck Ttotal Status Flags
r-devel-linux-x86_64-debian-clang 1.2 25.25 73.29 98.54 NOTE
r-devel-linux-x86_64-debian-gcc 1.2 22.08 53.01 75.09 NOTE
r-devel-linux-x86_64-fedora-clang 1.2 130.85 NOTE
r-devel-linux-x86_64-fedora-gcc 1.2 132.57 NOTE
r-devel-windows-ix86+x86_64 1.2 49.00 106.00 155.00 NOTE
r-patched-linux-x86_64 1.2 29.77 69.58 99.35 NOTE
r-patched-solaris-x86 1.2 165.60 NOTE
r-release-linux-x86_64 1.2 31.08 70.01 101.09 NOTE
r-release-windows-ix86+x86_64 1.2 65.00 110.00 175.00 NOTE
r-release-osx-x86_64 1.2 NOTE
r-oldrel-windows-ix86+x86_64 1.2 66.00 108.00 174.00 NOTE
r-oldrel-osx-x86_64 1.2 NOTE

Check Details

Version: 1.2
Check: R code for possible problems
Result: NOTE
    ASP.Score: no visible global function definition for ‘pnorm’
    Graphs.Bayesian: no visible global function definition for ‘dev.new’
    colorhex: no visible global function definition for ‘gray’
    colorhex: no visible global function definition for ‘rgb’
    Undefined global functions or variables:
     dev.new gray pnorm rgb
    Consider adding
     importFrom("grDevices", "dev.new", "gray", "rgb")
     importFrom("stats", "pnorm")
    to your NAMESPACE file.
Flavors: r-devel-linux-x86_64-debian-clang, r-devel-linux-x86_64-debian-gcc, r-devel-linux-x86_64-fedora-clang, r-devel-linux-x86_64-fedora-gcc, r-devel-windows-ix86+x86_64, r-patched-linux-x86_64, r-patched-solaris-x86, r-release-linux-x86_64, r-release-windows-ix86+x86_64, r-release-osx-x86_64, r-oldrel-windows-ix86+x86_64, r-oldrel-osx-x86_64

Version: 1.2
Check: compiled code
Result: NOTE
    File ‘ASPBay/libs/ASPBay.so’:
     Found no calls to: ‘R_registerRoutines’, ‘R_useDynamicSymbols’
    
    It is good practice to register native routines and to disable symbol
    search.
    
    See ‘Writing portable packages’ in the ‘Writing R Extensions’ manual.
Flavors: r-devel-linux-x86_64-fedora-clang, r-devel-linux-x86_64-fedora-gcc

Version: 1.2
Check: re-building of vignette outputs
Result: NOTE
    Error in re-building vignettes:
     ...
    Loading required package: ASPBay
    Loading required package: hexbin
    Loading required package: Rcpp
    Error in texi2dvi(file = file, pdf = TRUE, clean = clean, quiet = quiet, :
     Running 'texi2dvi' on 'ASPBay.tex' failed.
    LaTeX errors:
    ! LaTeX Error: File `moreverb.sty' not found.
    
    Type X to quit or <RETURN> to proceed,
    or enter new name. (Default extension: sty)
    
    ! Emergency stop.
    <read *>
    
    l.9 \usepackage
     [utf8]{inputenc}^^M
    ! ==> Fatal error occurred, no output PDF file produced!
    Calls: buildVignettes -> texi2pdf -> texi2dvi
    Execution halted
Flavor: r-oldrel-osx-x86_64