CRAN Package Check Results for Package Amelia

Last updated on 2018-02-23 06:54:40 CET.

Flavor Version Tinstall Tcheck Ttotal Status Flags
r-devel-linux-x86_64-debian-clang 1.7.4 35.45 56.98 92.43 NOTE
r-devel-linux-x86_64-debian-gcc 1.7.4 26.51 49.76 76.27 NOTE
r-devel-linux-x86_64-fedora-clang 1.7.4 129.23 NOTE
r-devel-linux-x86_64-fedora-gcc 1.7.4 119.40 NOTE
r-devel-windows-ix86+x86_64 1.7.4 75.00 131.00 206.00 OK
r-patched-linux-x86_64 1.7.4 24.24 79.74 103.98 NOTE
r-patched-solaris-x86 1.7.4 151.00 OK
r-release-linux-x86_64 1.7.4 23.98 79.88 103.86 NOTE
r-release-windows-ix86+x86_64 1.7.4 46.00 172.00 218.00 OK
r-release-osx-x86_64 1.7.4 FAIL
r-oldrel-windows-ix86+x86_64 1.7.4 52.00 116.00 168.00 OK
r-oldrel-osx-x86_64 1.7.4 NOTE

Check Details

Version: 1.7.4
Check: compiled code
Result: NOTE
    File ‘Amelia/libs/Amelia.so’:
     Found no calls to: ‘R_registerRoutines’, ‘R_useDynamicSymbols’
    
    It is good practice to register native routines and to disable symbol
    search.
    
    See ‘Writing portable packages’ in the ‘Writing R Extensions’ manual.
Flavors: r-devel-linux-x86_64-debian-clang, r-devel-linux-x86_64-debian-gcc, r-devel-linux-x86_64-fedora-clang, r-devel-linux-x86_64-fedora-gcc, r-patched-linux-x86_64, r-release-linux-x86_64

Version: 1.7.4
Check: re-building of vignette outputs
Result: NOTE
    Error in re-building vignettes:
     ...
    Loading required package: Amelia
    Loading required package: Rcpp
    ##
    ## Amelia II: Multiple Imputation
    ## (Version 1.7.4, built: 2015-12-05)
    ## Copyright (C) 2005-2017 James Honaker, Gary King and Matthew Blackwell
    ## Refer to http://gking.harvard.edu/amelia/ for more information
    ##
    
    Execution halted
Flavor: r-release-osx-x86_64

Version: 1.7.4
Check: PDF version of manual
Result: FAIL
    
Flavor: r-release-osx-x86_64

Version: 1.7.4
Check: dependencies in R code
Result: NOTE
    Invalid MIT-MAGIC-COOKIE-1 key
Flavor: r-oldrel-osx-x86_64