CRAN Package Check Results for Package BIOdry

Last updated on 2019-05-22 09:50:40 CEST.

Flavor Version Tinstall Tcheck Ttotal Status Flags
r-devel-linux-x86_64-debian-clang 0.5 3.29 58.95 62.24 OK
r-devel-linux-x86_64-debian-gcc 0.5 2.80 32.09 34.89 ERROR
r-devel-linux-x86_64-fedora-clang 0.5 77.19 OK
r-devel-linux-x86_64-fedora-gcc 0.5 75.59 OK
r-devel-windows-ix86+x86_64 0.5 7.00 95.00 102.00 OK
r-patched-linux-x86_64 0.5 3.33 58.92 62.25 OK
r-patched-solaris-x86 0.5 112.20 OK
r-release-linux-x86_64 0.5 2.81 59.08 61.89 OK
r-release-windows-ix86+x86_64 0.5 10.00 77.00 87.00 OK
r-release-osx-x86_64 0.5 OK
r-oldrel-windows-ix86+x86_64 0.5 4.00 63.00 67.00 OK
r-oldrel-osx-x86_64 0.5 OK

Check Details

Version: 0.5
Check: examples
Result: ERROR
    Running examples in ‘BIOdry-Ex.R’ failed
    The error most likely occurred in:
    
    > base::assign(".ptime", proc.time(), pos = "CheckExEnv")
    > ### Name: modelFrame
    > ### Title: Dendroclimatic-fluctuations modeling
    > ### Aliases: modelFrame
    >
    > ### ** Examples
    >
    > ##TRW chronology (mm) and inside-bark radii
    > data(Pchron,envir = environment())
    > data(Pradii03,envir = environment())
    > ## Tree-ring width fluctuations:
    > trwf <- modelFrame(Pchron,
    + sc.c = Pradii03,
    + rf.t = 2003,
    + log.t = TRUE)
    Error in lme.formula(fixed = log(x) ~ log(csx) + log(time), data = fixed, :
     nlminb problem, convergence error code = 1
     message = singular convergence (7)
    Calls: modelFrame ... lme.groupedData -> do.call -> <Anonymous> -> lme.formula
    Execution halted
Flavor: r-devel-linux-x86_64-debian-gcc