CRAN Package Check Results for Package BayesESS

Last updated on 2018-08-16 03:49:31 CEST.

Flavor Version Tinstall Tcheck Ttotal Status Flags
r-devel-linux-x86_64-debian-clang 0.1.12 42.20 72.78 114.98 OK
r-devel-linux-x86_64-debian-gcc 0.1.12 33.41 58.08 91.49 OK
r-devel-linux-x86_64-fedora-clang 0.1.12 147.20 NOTE
r-devel-linux-x86_64-fedora-gcc 0.1.12 142.49 NOTE
r-devel-windows-ix86+x86_64 0.1.12 76.00 103.00 179.00 OK
r-patched-linux-x86_64 0.1.12 47.89 59.26 107.15 OK
r-patched-solaris-x86 0.1.12 176.60 NOTE
r-release-linux-x86_64 0.1.12 49.15 60.60 109.75 OK
r-release-windows-ix86+x86_64 0.1.12 73.00 133.00 206.00 OK
r-release-osx-x86_64 0.1.12 NOTE
r-oldrel-windows-ix86+x86_64 0.1.12 106.00 92.00 198.00 OK
r-oldrel-osx-x86_64 0.1.12 NOTE

Check Details

Version: 0.1.12
Check: dependencies in R code
Result: NOTE
    Namespaces in Imports field not imported from:
     ‘MASS’ ‘MatrixModels’
     All declared Imports should be used.
Flavors: r-devel-linux-x86_64-fedora-clang, r-devel-linux-x86_64-fedora-gcc, r-patched-solaris-x86, r-release-osx-x86_64, r-oldrel-osx-x86_64