CRAN Package Check Results for Package BayesESS

Last updated on 2018-10-17 10:54:37 CEST.

Flavor Version Tinstall Tcheck Ttotal Status Flags
r-devel-linux-x86_64-debian-clang 0.1.12 43.58 74.13 117.71 OK
r-devel-linux-x86_64-debian-gcc 0.1.12 35.77 59.23 95.00 OK
r-devel-linux-x86_64-fedora-clang 0.1.12 153.52 NOTE
r-devel-linux-x86_64-fedora-gcc 0.1.12 144.65 NOTE
r-devel-windows-ix86+x86_64 0.1.12 103.00 149.00 252.00 OK
r-patched-linux-x86_64 0.1.12 44.03 59.88 103.91 OK
r-patched-solaris-x86 0.1.12 164.30 NOTE
r-release-linux-x86_64 0.1.12 42.32 59.25 101.57 OK
r-release-windows-ix86+x86_64 0.1.12 114.00 132.00 246.00 OK
r-release-osx-x86_64 0.1.12 NOTE
r-oldrel-windows-ix86+x86_64 0.1.12 116.00 102.00 218.00 OK
r-oldrel-osx-x86_64 0.1.12 NOTE

Check Details

Version: 0.1.12
Check: dependencies in R code
Result: NOTE
    Namespaces in Imports field not imported from:
     ‘MASS’ ‘MatrixModels’
     All declared Imports should be used.
Flavors: r-devel-linux-x86_64-fedora-clang, r-devel-linux-x86_64-fedora-gcc, r-patched-solaris-x86, r-release-osx-x86_64, r-oldrel-osx-x86_64