CRAN Package Check Results for Package BayesESS

Last updated on 2018-12-09 21:46:53 CET.

Flavor Version Tinstall Tcheck Ttotal Status Flags
r-devel-linux-x86_64-debian-clang 0.1.12 45.85 62.63 108.48 OK
r-devel-linux-x86_64-debian-gcc 0.1.12 36.22 50.09 86.31 OK
r-devel-linux-x86_64-fedora-clang 0.1.12 140.30 NOTE
r-devel-linux-x86_64-fedora-gcc 0.1.12 138.36 NOTE
r-devel-windows-ix86+x86_64 0.1.12 106.00 98.00 204.00 OK
r-patched-linux-x86_64 0.1.12 43.20 59.36 102.56 OK
r-patched-solaris-x86 0.1.12 177.00 NOTE
r-release-linux-x86_64 0.1.12 49.36 59.15 108.51 OK
r-release-windows-ix86+x86_64 0.1.12 73.00 95.00 168.00 OK
r-release-osx-x86_64 0.1.12 NOTE
r-oldrel-windows-ix86+x86_64 0.1.12 75.00 93.00 168.00 OK
r-oldrel-osx-x86_64 0.1.12 NOTE

Check Details

Version: 0.1.12
Check: dependencies in R code
Result: NOTE
    Namespaces in Imports field not imported from:
     ‘MASS’ ‘MatrixModels’
     All declared Imports should be used.
Flavors: r-devel-linux-x86_64-fedora-clang, r-devel-linux-x86_64-fedora-gcc, r-patched-solaris-x86, r-release-osx-x86_64, r-oldrel-osx-x86_64