CRAN Package Check Results for Package Seurat

Last updated on 2018-10-17 23:47:37 CEST.

Flavor Version Tinstall Tcheck Ttotal Status Flags
r-devel-linux-x86_64-debian-clang 2.3.4 72.78 362.30 435.08 NOTE
r-devel-linux-x86_64-debian-gcc 2.3.4 63.14 298.10 361.24 NOTE
r-devel-linux-x86_64-fedora-clang 2.3.4 546.36 NOTE
r-devel-linux-x86_64-fedora-gcc 2.3.4 524.93 NOTE
r-devel-windows-ix86+x86_64 2.3.4 199.00 781.00 980.00 NOTE
r-patched-linux-x86_64 2.3.4 73.28 330.85 404.13 NOTE
r-patched-solaris-x86 2.3.4 628.00 NOTE
r-release-linux-x86_64 2.3.4 72.72 328.37 401.09 NOTE
r-release-windows-ix86+x86_64 2.3.4 184.00 759.00 943.00 NOTE
r-release-osx-x86_64 2.3.4 NOTE
r-oldrel-windows-ix86+x86_64 2.3.4 198.00 798.00 996.00 NOTE
r-oldrel-osx-x86_64 2.3.4 NOTE

Check Details

Version: 2.3.4
Check: package dependencies
Result: NOTE
    Package suggested but not available for checking: ‘loomR’
Flavors: r-devel-linux-x86_64-debian-clang, r-devel-linux-x86_64-debian-gcc, r-devel-linux-x86_64-fedora-clang, r-devel-linux-x86_64-fedora-gcc, r-devel-windows-ix86+x86_64, r-patched-linux-x86_64, r-patched-solaris-x86, r-release-linux-x86_64, r-release-windows-ix86+x86_64, r-oldrel-windows-ix86+x86_64

Version: 2.3.4
Check: installed package size
Result: NOTE
     installed size is 8.1Mb
     sub-directories of 1Mb or more:
     libs 6.6Mb
Flavors: r-devel-linux-x86_64-fedora-clang, r-release-osx-x86_64, r-oldrel-osx-x86_64

Version: 2.3.4
Check: package dependencies
Result: NOTE
    Packages suggested but not available for checking:
     ‘loomR’ ‘made4’ ‘SingleCellExperiment’ ‘MAST’
Flavors: r-release-osx-x86_64, r-oldrel-osx-x86_64