CRAN Package Check Results for Package Seurat

Last updated on 2018-12-09 21:47:19 CET.

Flavor Version Tinstall Tcheck Ttotal Status Flags
r-devel-linux-x86_64-debian-clang 2.3.4 65.99 339.72 405.71 NOTE
r-devel-linux-x86_64-debian-gcc 2.3.4 61.50 273.47 334.97 NOTE
r-devel-linux-x86_64-fedora-clang 2.3.4 504.50 NOTE
r-devel-linux-x86_64-fedora-gcc 2.3.4 500.79 NOTE
r-devel-windows-ix86+x86_64 2.3.4 196.00 597.00 793.00 NOTE
r-patched-linux-x86_64 2.3.4 75.44 330.87 406.31 NOTE
r-patched-solaris-x86 2.3.4 743.70 NOTE
r-release-linux-x86_64 2.3.4 72.22 330.63 402.85 NOTE
r-release-windows-ix86+x86_64 2.3.4 149.00 532.00 681.00 NOTE
r-release-osx-x86_64 2.3.4 NOTE
r-oldrel-windows-ix86+x86_64 2.3.4 133.00 546.00 679.00 NOTE
r-oldrel-osx-x86_64 2.3.4 NOTE

Check Details

Version: 2.3.4
Check: package dependencies
Result: NOTE
    Package suggested but not available for checking: ‘loomR’
Flavors: r-devel-linux-x86_64-debian-clang, r-devel-linux-x86_64-debian-gcc, r-devel-windows-ix86+x86_64, r-patched-linux-x86_64, r-patched-solaris-x86, r-release-linux-x86_64, r-release-windows-ix86+x86_64, r-oldrel-windows-ix86+x86_64

Version: 2.3.4
Check: package dependencies
Result: NOTE
    Packages suggested but not available for checking: 'loomR', 'MAST'
Flavors: r-devel-linux-x86_64-fedora-clang, r-devel-linux-x86_64-fedora-gcc

Version: 2.3.4
Check: installed package size
Result: NOTE
     installed size is 8.1Mb
     sub-directories of 1Mb or more:
     libs 6.6Mb
Flavors: r-devel-linux-x86_64-fedora-clang, r-release-osx-x86_64, r-oldrel-osx-x86_64

Version: 2.3.4
Check: package dependencies
Result: NOTE
    Packages suggested but not available for checking:
     ‘loomR’ ‘made4’ ‘SingleCellExperiment’ ‘MAST’
Flavors: r-release-osx-x86_64, r-oldrel-osx-x86_64