CRAN Package Check Results for Package andrews

Last updated on 2018-08-16 03:49:30 CEST.

Flavor Version Tinstall Tcheck Ttotal Status Flags
r-devel-linux-x86_64-debian-clang 1.0 1.17 20.11 21.28 NOTE
r-devel-linux-x86_64-debian-gcc 1.0 0.75 15.27 16.02 NOTE
r-devel-linux-x86_64-fedora-clang 1.0 23.53 NOTE
r-devel-linux-x86_64-fedora-gcc 1.0 23.47 NOTE
r-devel-windows-ix86+x86_64 1.0 4.00 27.00 31.00 NOTE
r-patched-linux-x86_64 1.0 1.07 18.15 19.22 NOTE
r-patched-solaris-x86 1.0 37.60 NOTE
r-release-linux-x86_64 1.0 1.08 18.36 19.44 NOTE
r-release-windows-ix86+x86_64 1.0 3.00 26.00 29.00 NOTE
r-release-osx-x86_64 1.0 NOTE
r-oldrel-windows-ix86+x86_64 1.0 2.00 26.00 28.00 NOTE
r-oldrel-osx-x86_64 1.0 NOTE

Check Details

Version: 1.0
Check: DESCRIPTION meta-information
Result: NOTE
    Malformed Description field: should contain one or more complete sentences.
Flavors: r-devel-linux-x86_64-debian-clang, r-devel-linux-x86_64-debian-gcc, r-devel-linux-x86_64-fedora-clang, r-devel-linux-x86_64-fedora-gcc, r-devel-windows-ix86+x86_64, r-patched-linux-x86_64, r-patched-solaris-x86, r-release-linux-x86_64, r-release-windows-ix86+x86_64, r-release-osx-x86_64, r-oldrel-windows-ix86+x86_64, r-oldrel-osx-x86_64

Version: 1.0
Check: R code for possible problems
Result: NOTE
    andrews: no visible global function definition for ‘plot.new’
    andrews: no visible global function definition for ‘plot.window’
    andrews: no visible global function definition for ‘title’
    andrews: no visible global function definition for ‘axis’
    andrews: no visible global function definition for ‘box’
    andrews: no visible global function definition for ‘lines’
    andrews: no visible global function definition for ‘rainbow’
    andrews: no visible global function definition for ‘hsv’
    selectand: no visible global function definition for ‘lines’
    Undefined global functions or variables:
     axis box hsv lines plot.new plot.window rainbow title
    Consider adding
     importFrom("grDevices", "hsv", "rainbow")
     importFrom("graphics", "axis", "box", "lines", "plot.new",
     "plot.window", "title")
    to your NAMESPACE file.
Flavors: r-devel-linux-x86_64-debian-clang, r-devel-linux-x86_64-debian-gcc, r-devel-linux-x86_64-fedora-clang, r-devel-linux-x86_64-fedora-gcc, r-devel-windows-ix86+x86_64, r-patched-linux-x86_64, r-patched-solaris-x86, r-release-linux-x86_64, r-release-windows-ix86+x86_64, r-release-osx-x86_64, r-oldrel-windows-ix86+x86_64, r-oldrel-osx-x86_64