CRAN Package Check Results for Package assertive.models

Last updated on 2018-02-23 06:54:41 CET.

Flavor Version Tinstall Tcheck Ttotal Status Flags
r-devel-linux-x86_64-debian-clang 0.0-1 0.79 17.29 18.08 OK
r-devel-linux-x86_64-debian-gcc 0.0-1 0.68 15.04 15.72 OK
r-devel-linux-x86_64-fedora-clang 0.0-1 23.47 OK
r-devel-linux-x86_64-fedora-gcc 0.0-1 22.21 OK
r-devel-windows-ix86+x86_64 0.0-1 4.00 42.00 46.00 OK
r-patched-linux-x86_64 0.0-1 0.83 18.67 19.50 OK
r-patched-solaris-x86 0.0-1 33.40 OK
r-release-linux-x86_64 0.0-1 0.81 18.82 19.63 OK
r-release-windows-ix86+x86_64 0.0-1 2.00 48.00 50.00 OK
r-release-osx-x86_64 0.0-1 ERROR
r-oldrel-windows-ix86+x86_64 0.0-1 2.00 28.00 30.00 OK
r-oldrel-osx-x86_64 0.0-1 OK

Check Details

Version: 0.0-1
Check: package dependencies
Result: NOTE
    Package suggested but not available for checking: ‘devtools’
Flavor: r-release-osx-x86_64

Version: 0.0-1
Check: tests
Result: ERROR
     Running ‘testthat.R’ [1s/1s]
    Running the tests in ‘tests/testthat.R’ failed.
    Complete output:
     > library(testthat)
     > library(devtools)
     Error in library(devtools) : there is no package called 'devtools'
     Execution halted
Flavor: r-release-osx-x86_64