CRAN Package Check Results for Package assertive.models

Last updated on 2018-10-17 02:48:45 CEST.

Flavor Version Tinstall Tcheck Ttotal Status Flags
r-devel-linux-x86_64-debian-clang 0.0-1 0.89 20.85 21.74 OK
r-devel-linux-x86_64-debian-gcc 0.0-1 0.77 17.01 17.78 OK
r-devel-linux-x86_64-fedora-clang 0.0-1 25.70 OK
r-devel-linux-x86_64-fedora-gcc 0.0-1 24.98 OK
r-devel-windows-ix86+x86_64 0.0-1 4.00 44.00 48.00 OK
r-patched-linux-x86_64 0.0-1 0.79 18.81 19.60 OK
r-patched-solaris-x86 0.0-1 37.60 OK
r-release-linux-x86_64 0.0-1 0.83 19.03 19.86 OK
r-release-windows-ix86+x86_64 0.0-1 2.00 42.00 44.00 OK
r-release-osx-x86_64 0.0-1 OK
r-oldrel-windows-ix86+x86_64 0.0-1 3.00 41.00 44.00 OK
r-oldrel-osx-x86_64 0.0-1 ERROR

Check Details

Version: 0.0-1
Check: package dependencies
Result: NOTE
    Package suggested but not available for checking: ‘devtools’
Flavor: r-oldrel-osx-x86_64

Version: 0.0-1
Check: tests
Result: ERROR
     Running ‘testthat.R’ [1s/1s]
    Running the tests in ‘tests/testthat.R’ failed.
    Complete output:
     > library(testthat)
     > library(devtools)
     Error in library(devtools) : there is no package called 'devtools'
     Execution halted
Flavor: r-oldrel-osx-x86_64