CRAN Package Check Results for Package assertive.models

Last updated on 2018-08-16 19:47:22 CEST.

Flavor Version Tinstall Tcheck Ttotal Status Flags
r-devel-linux-x86_64-debian-clang 0.0-1 0.73 20.83 21.56 OK
r-devel-linux-x86_64-debian-gcc 0.0-1 0.75 16.81 17.56 OK
r-devel-linux-x86_64-fedora-clang 0.0-1 25.72 OK
r-devel-linux-x86_64-fedora-gcc 0.0-1 24.28 OK
r-devel-windows-ix86+x86_64 0.0-1 2.00 41.00 43.00 OK
r-patched-linux-x86_64 0.0-1 0.57 19.31 19.88 OK
r-patched-solaris-x86 0.0-1 38.60 OK
r-release-linux-x86_64 0.0-1 0.85 19.05 19.90 OK
r-release-windows-ix86+x86_64 0.0-1 3.00 43.00 46.00 OK
r-release-osx-x86_64 0.0-1 OK
r-oldrel-windows-ix86+x86_64 0.0-1 3.00 31.00 34.00 OK
r-oldrel-osx-x86_64 0.0-1 ERROR

Check Details

Version: 0.0-1
Check: package dependencies
Result: NOTE
    Package suggested but not available for checking: ‘devtools’
Flavor: r-oldrel-osx-x86_64

Version: 0.0-1
Check: tests
Result: ERROR
     Running ‘testthat.R’ [1s/1s]
    Running the tests in ‘tests/testthat.R’ failed.
    Complete output:
     > library(testthat)
     > library(devtools)
     Error in library(devtools) : there is no package called 'devtools'
     Execution halted
Flavor: r-oldrel-osx-x86_64