CRAN Package Check Results for Package assertive.models

Last updated on 2018-05-20 10:51:43 CEST.

Flavor Version Tinstall Tcheck Ttotal Status Flags
r-devel-linux-x86_64-debian-clang 0.0-1 0.77 12.75 13.52 OK
r-devel-linux-x86_64-debian-gcc 0.0-1 0.71 16.89 17.60 OK
r-devel-linux-x86_64-fedora-clang 0.0-1 24.63 OK
r-devel-linux-x86_64-fedora-gcc 0.0-1 23.20 OK
r-devel-windows-ix86+x86_64 0.0-1 3.00 32.00 35.00 OK
r-patched-linux-x86_64 0.0-1 0.84 18.93 19.77 OK
r-patched-solaris-x86 0.0-1 38.30 OK
r-release-linux-x86_64 0.0-1 0.83 18.70 19.53 OK
r-release-windows-ix86+x86_64 0.0-1 2.00 31.00 33.00 OK
r-release-osx-x86_64 0.0-1 OK
r-oldrel-windows-ix86+x86_64 0.0-1 2.00 32.00 34.00 OK
r-oldrel-osx-x86_64 0.0-1 ERROR

Check Details

Version: 0.0-1
Check: package dependencies
Result: NOTE
    Package suggested but not available for checking: ‘devtools’
Flavor: r-oldrel-osx-x86_64

Version: 0.0-1
Check: tests
Result: ERROR
     Running ‘testthat.R’ [1s/1s]
    Running the tests in ‘tests/testthat.R’ failed.
    Complete output:
     > library(testthat)
     > library(devtools)
     Error in library(devtools) : there is no package called 'devtools'
     Execution halted
Flavor: r-oldrel-osx-x86_64