CRAN Package Check Results for Package bayesCL

Last updated on 2018-02-23 06:54:41 CET.

Flavor Version Tinstall Tcheck Ttotal Status Flags
r-devel-linux-x86_64-debian-clang 0.0.1 6.76 15.10 21.86 WARN --no-examples --no-tests --no-vignettes
r-devel-linux-x86_64-debian-gcc 0.0.1 4.71 12.98 17.69 OK --no-examples --no-tests --no-vignettes
r-devel-windows-ix86+x86_64 0.0.1 1.00 3.00 4.00 ERROR
r-patched-linux-x86_64 0.0.1 5.40 15.25 20.65 OK --no-examples --no-tests --no-vignettes
r-release-linux-x86_64 0.0.1 5.88 15.11 20.99 OK --no-examples --no-tests --no-vignettes
r-release-windows-ix86+x86_64 0.0.1 1.00 2.00 3.00 ERROR
r-release-osx-x86_64 0.0.1 ERROR
r-oldrel-windows-ix86+x86_64 0.0.1 7.00 5.00 12.00 ERROR
r-oldrel-osx-x86_64 0.0.1 ERROR

Check Details

Version: 0.0.1
Flags: --no-examples --no-tests --no-vignettes
Check: whether package can be installed
Result: WARN
    Found the following significant warnings:
     Blasso.cpp:451:51: warning: assigning field to itself [-Wself-assign-field]
Flavor: r-devel-linux-x86_64-debian-clang

Version: 0.0.1
Check: whether package can be installed
Result: ERROR
    Installation failed.
Flavors: r-devel-windows-ix86+x86_64, r-release-windows-ix86+x86_64, r-release-osx-x86_64, r-oldrel-windows-ix86+x86_64, r-oldrel-osx-x86_64