CRAN Package Check Results for Package bayesCL

Last updated on 2018-05-20 10:51:43 CEST.

Flavor Version Tinstall Tcheck Ttotal Status Flags
r-devel-linux-x86_64-debian-clang 0.0.1 6.50 17.04 23.54 WARN --no-examples --no-tests --no-vignettes
r-devel-linux-x86_64-debian-gcc 0.0.1 5.06 13.66 18.72 OK --no-examples --no-tests --no-vignettes
r-patched-linux-x86_64 0.0.1 5.40 16.34 21.74 OK --no-examples --no-tests --no-vignettes
r-release-linux-x86_64 0.0.1 5.50 16.00 21.50 OK --no-examples --no-tests --no-vignettes
r-release-windows-ix86+x86_64 0.0.1 1.00 3.00 4.00 ERROR
r-release-osx-x86_64 0.0.1 ERROR
r-oldrel-windows-ix86+x86_64 0.0.1 1.00 2.00 3.00 ERROR
r-oldrel-osx-x86_64 0.0.1 ERROR

Check Details

Version: 0.0.1
Flags: --no-examples --no-tests --no-vignettes
Check: whether package can be installed
Result: WARN
    Found the following significant warnings:
     Blasso.cpp:451:51: warning: assigning field to itself [-Wself-assign-field]
Flavor: r-devel-linux-x86_64-debian-clang

Version: 0.0.1
Check: whether package can be installed
Result: ERROR
    Installation failed.
Flavors: r-release-windows-ix86+x86_64, r-release-osx-x86_64, r-oldrel-windows-ix86+x86_64, r-oldrel-osx-x86_64