CRAN Package Check Results for Package bigstatsr

Last updated on 2018-02-23 06:54:42 CET.

Flavor Version Tinstall Tcheck Ttotal Status Flags
r-release-osx-x86_64 0.2.3 NOTE
r-oldrel-osx-x86_64 0.2.3 NOTE

Check Details

Version: 0.2.3
Check: installed package size
Result: NOTE
     installed size is 8.1Mb
     sub-directories of 1Mb or more:
     extdata 2.3Mb
     libs 5.1Mb
Flavors: r-release-osx-x86_64, r-oldrel-osx-x86_64