CRAN Package Check Results for Package bigstatsr

Last updated on 2018-08-16 19:47:23 CEST.

Flavor Version Tinstall Tcheck Ttotal Status Flags
r-oldrel-osx-x86_64 0.2.3 NOTE

Check Details

Version: 0.2.3
Check: installed package size
Result: NOTE
     installed size is 8.1Mb
     sub-directories of 1Mb or more:
     extdata 2.3Mb
     libs 5.1Mb
Flavor: r-oldrel-osx-x86_64