CRAN Package Check Results for Package bigstatsr

Last updated on 2018-10-17 02:48:46 CEST.

Flavor Version Tinstall Tcheck Ttotal Status Flags
r-devel-linux-x86_64-debian-clang 0.6.2 158.28 240.93 399.21 OK
r-devel-linux-x86_64-debian-gcc 0.6.2 138.28 197.57 335.85 OK
r-devel-linux-x86_64-fedora-clang 0.6.2 542.52 NOTE
r-devel-linux-x86_64-fedora-gcc 0.6.2 527.28 OK
r-devel-windows-ix86+x86_64 0.6.2 510.00 667.00 1177.00 WARN
r-patched-linux-x86_64 0.6.2 174.59 242.52 417.11 OK
r-patched-solaris-x86 0.6.2 674.00 OK
r-release-linux-x86_64 0.6.2 176.79 242.83 419.62 OK
r-release-windows-ix86+x86_64 0.6.2 497.00 668.00 1165.00 NOTE
r-release-osx-x86_64 0.6.2 NOTE
r-oldrel-windows-ix86+x86_64 0.6.2 477.00 655.00 1132.00 NOTE
r-oldrel-osx-x86_64 0.6.2 NOTE

Additional issues

clang-UBSAN

Check Details

Version: 0.6.2
Check: installed package size
Result: NOTE
     installed size is 10.4Mb
     sub-directories of 1Mb or more:
     extdata 2.3Mb
     libs 7.6Mb
Flavors: r-devel-linux-x86_64-fedora-clang, r-devel-windows-ix86+x86_64, r-release-windows-ix86+x86_64, r-release-osx-x86_64, r-oldrel-windows-ix86+x86_64, r-oldrel-osx-x86_64

Version: 0.6.2
Check: whether package can be installed
Result: WARN
    Found the following significant warnings:
     d:/RCompile/CRANpkg/lib/3.6/BH/include/boost/interprocess/detail/win32_api.hpp:145:9: warning: ISO C++ prohibits anonymous structs [-Wpedantic]
     d:/RCompile/CRANpkg/lib/3.6/BH/include/boost/interprocess/detail/win32_api.hpp:153:9: warning: ISO C++ prohibits anonymous structs [-Wpedantic]
     d:/RCompile/CRANpkg/lib/3.6/BH/include/boost/interprocess/detail/win32_api.hpp:178:13: warning: ISO C++ prohibits anonymous structs [-Wpedantic]
     d:/RCompile/CRANpkg/lib/3.6/BH/include/boost/interprocess/detail/win32_api.hpp:180:7: warning: ISO C++ prohibits anonymous structs [-Wpedantic]
Flavor: r-devel-windows-ix86+x86_64