CRAN Package Check Results for Package biospear

Last updated on 2019-01-16 18:46:48 CET.

Flavor Version Tinstall Tcheck Ttotal Status Flags
r-devel-linux-x86_64-debian-clang 1.0.2 18.72 177.16 195.88 OK
r-devel-linux-x86_64-debian-gcc 1.0.2 16.06 135.23 151.29 OK
r-devel-linux-x86_64-fedora-clang 1.0.2 231.39 OK
r-devel-linux-x86_64-fedora-gcc 1.0.2 216.49 OK
r-devel-windows-ix86+x86_64 1.0.2 10.00 7.00 17.00 ERROR
r-patched-linux-x86_64 1.0.2 18.15 166.87 185.02 OK
r-patched-solaris-x86 1.0.2 339.80 OK
r-release-linux-x86_64 1.0.2 18.04 165.82 183.86 OK
r-release-windows-ix86+x86_64 1.0.2 15.00 5.00 20.00 ERROR
r-release-osx-x86_64 1.0.2 OK
r-oldrel-windows-ix86+x86_64 1.0.2 13.00 6.00 19.00 ERROR
r-oldrel-osx-x86_64 1.0.2 OK

Check Details

Version: 1.0.2
Check: whether package can be installed
Result: ERROR
    Installation failed.
Flavors: r-devel-windows-ix86+x86_64, r-release-windows-ix86+x86_64, r-oldrel-windows-ix86+x86_64