CRAN Package Check Results for Package biospear

Last updated on 2018-05-20 10:51:44 CEST.

Flavor Version Tinstall Tcheck Ttotal Status Flags
r-devel-linux-x86_64-debian-clang 1.0.1 1.79 1.79 ERROR
r-devel-linux-x86_64-debian-gcc 1.0.1 1.38 1.38 ERROR
r-devel-linux-x86_64-fedora-clang 1.0.1 1.71 ERROR
r-devel-linux-x86_64-fedora-gcc 1.0.1 1.67 ERROR
r-devel-windows-ix86+x86_64 1.0.1 43.00 192.00 235.00 OK
r-patched-linux-x86_64 1.0.1 1.62 1.62 ERROR
r-patched-solaris-x86 1.0.1 3.60 ERROR
r-release-linux-x86_64 1.0.1 1.66 1.66 ERROR
r-release-windows-ix86+x86_64 1.0.1 29.00 5.00 34.00 ERROR
r-release-osx-x86_64 1.0.1 OK
r-oldrel-windows-ix86+x86_64 1.0.1 28.00 184.00 212.00 OK
r-oldrel-osx-x86_64 1.0.1 OK

Check Details

Version: 1.0.1
Check: package dependencies
Result: ERROR
    Package required but not available: ‘plsRcox’
    
    See section ‘The DESCRIPTION file’ in the ‘Writing R Extensions’
    manual.
Flavors: r-devel-linux-x86_64-debian-clang, r-devel-linux-x86_64-debian-gcc, r-devel-linux-x86_64-fedora-clang, r-devel-linux-x86_64-fedora-gcc, r-patched-linux-x86_64, r-patched-solaris-x86, r-release-linux-x86_64

Version: 1.0.1
Check: whether package can be installed
Result: ERROR
    Installation failed.
Flavor: r-release-windows-ix86+x86_64