CRAN Package Check Results for Package pccc

Last updated on 2018-08-16 03:49:51 CEST.

Flavor Version Tinstall Tcheck Ttotal Status Flags
r-devel-linux-x86_64-debian-clang 1.0.2 68.11 38.22 106.33 OK
r-devel-linux-x86_64-debian-gcc 1.0.2 58.38 36.13 94.51 OK
r-devel-linux-x86_64-fedora-clang 1.0.2 128.07 NOTE
r-devel-linux-x86_64-fedora-gcc 1.0.2 118.95 OK
r-devel-windows-ix86+x86_64 1.0.2 76.00 82.00 158.00 OK
r-patched-linux-x86_64 1.0.2 68.78 38.68 107.46 OK
r-patched-solaris-x86 1.0.2 131.90 OK
r-release-linux-x86_64 1.0.2 72.12 40.23 112.35 OK
r-release-windows-ix86+x86_64 1.0.2 88.00 109.00 197.00 OK
r-release-osx-x86_64 1.0.2 NOTE
r-oldrel-windows-ix86+x86_64 1.0.2 106.00 75.00 181.00 OK
r-oldrel-osx-x86_64 1.0.2 OK

Check Details

Version: 1.0.2
Check: installed package size
Result: NOTE
     installed size is 5.2Mb
     sub-directories of 1Mb or more:
     libs 3.5Mb
Flavors: r-devel-linux-x86_64-fedora-clang, r-release-osx-x86_64