CRAN Package Check Results for Package pccc

Last updated on 2018-10-17 11:48:46 CEST.

Flavor Version Tinstall Tcheck Ttotal Status Flags
r-devel-linux-x86_64-debian-clang 1.0.2 81.26 39.10 120.36 OK
r-devel-linux-x86_64-debian-gcc 1.0.2 57.25 36.13 93.38 OK
r-devel-linux-x86_64-fedora-clang 1.0.2 137.70 NOTE
r-devel-linux-x86_64-fedora-gcc 1.0.2 123.97 OK
r-devel-windows-ix86+x86_64 1.0.2 106.00 90.00 196.00 OK
r-patched-linux-x86_64 1.0.2 68.77 38.27 107.04 OK
r-patched-solaris-x86 1.0.2 127.10 OK
r-release-linux-x86_64 1.0.2 65.57 39.01 104.58 OK
r-release-windows-ix86+x86_64 1.0.2 104.00 101.00 205.00 OK
r-release-osx-x86_64 1.0.2 NOTE
r-oldrel-windows-ix86+x86_64 1.0.2 112.00 85.00 197.00 OK
r-oldrel-osx-x86_64 1.0.2 OK

Check Details

Version: 1.0.2
Check: installed package size
Result: NOTE
     installed size is 5.2Mb
     sub-directories of 1Mb or more:
     libs 3.5Mb
Flavors: r-devel-linux-x86_64-fedora-clang, r-release-osx-x86_64