CRAN Package Check Results for Package pccc

Last updated on 2019-02-21 06:47:59 CET.

Flavor Version Tinstall Tcheck Ttotal Status Flags
r-devel-linux-x86_64-debian-clang 1.0.2 76.98 46.20 123.18 OK
r-devel-linux-x86_64-debian-gcc 1.0.2 54.34 36.22 90.56 OK
r-devel-linux-x86_64-fedora-clang 1.0.2 146.64 NOTE
r-devel-linux-x86_64-fedora-gcc 1.0.2 120.21 OK
r-devel-windows-ix86+x86_64 1.0.2 102.00 118.00 220.00 OK
r-patched-linux-x86_64 1.0.2 OK
r-patched-solaris-x86 1.0.2 128.10 OK
r-release-linux-x86_64 1.0.2 OK
r-release-windows-ix86+x86_64 1.0.2 82.00 115.00 197.00 OK
r-release-osx-x86_64 1.0.2 NOTE
r-oldrel-windows-ix86+x86_64 1.0.2 88.00 88.00 176.00 OK
r-oldrel-osx-x86_64 1.0.2 OK

Check Details

Version: 1.0.2
Check: installed package size
Result: NOTE
     installed size is 5.3Mb
     sub-directories of 1Mb or more:
     libs 3.6Mb
Flavors: r-devel-linux-x86_64-fedora-clang, r-release-osx-x86_64