CRAN Package Check Results for Package sdcTable

Last updated on 2018-10-19 14:48:48 CEST.

Flavor Version Tinstall Tcheck Ttotal Status Flags
r-devel-linux-x86_64-debian-clang 0.24 57.77 113.87 171.64 OK
r-devel-linux-x86_64-debian-gcc 0.24 52.78 88.53 141.31 OK
r-devel-linux-x86_64-fedora-clang 0.24 220.83 NOTE
r-devel-linux-x86_64-fedora-gcc 0.24 207.90 NOTE
r-devel-windows-ix86+x86_64 0.24 127.00 167.00 294.00 NOTE
r-patched-linux-x86_64 0.24 57.95 100.18 158.13 OK
r-patched-solaris-x86 0.24 237.80 WARN
r-release-linux-x86_64 0.24 63.14 99.59 162.73 OK
r-release-windows-ix86+x86_64 0.24 130.00 197.00 327.00 NOTE
r-release-osx-x86_64 0.24 WARN
r-oldrel-windows-ix86+x86_64 0.24 79.00 230.00 309.00 NOTE
r-oldrel-osx-x86_64 0.24 WARN

Check Details

Version: 0.24
Check: installed package size
Result: NOTE
     installed size is 6.4Mb
     sub-directories of 1Mb or more:
     R 1.3Mb
     doc 2.4Mb
     libs 2.4Mb
Flavors: r-devel-linux-x86_64-fedora-clang, r-devel-windows-ix86+x86_64, r-release-windows-ix86+x86_64, r-release-osx-x86_64, r-oldrel-windows-ix86+x86_64, r-oldrel-osx-x86_64

Version: 0.24
Check: dependencies in R code
Result: NOTE
    Namespace in Imports field not imported from: 'knitr'
     All declared Imports should be used.
Flavors: r-devel-linux-x86_64-fedora-clang, r-devel-linux-x86_64-fedora-gcc, r-patched-solaris-x86, r-release-osx-x86_64, r-oldrel-osx-x86_64

Version: 0.24
Check: re-building of vignette outputs
Result: WARN
    Error in re-building vignettes:
     ...
    Warning in engine$weave(file, quiet = quiet, encoding = enc) :
     Pandoc (>= 1.12.3) and/or pandoc-citeproc not available. Falling back to R Markdown v1.
    Quitting from lines 238-239 (sdcTable.rmd)
    Error: processing vignette 'sdcTable.rmd' failed with diagnostics:
    cannot open the connection
    Execution halted
Flavors: r-patched-solaris-x86, r-release-osx-x86_64, r-oldrel-osx-x86_64