CRAN Package Check Results for Package sdcTable

Last updated on 2018-12-14 00:50:45 CET.

Flavor Version Tinstall Tcheck Ttotal Status Flags
r-devel-linux-x86_64-debian-clang 0.25 56.48 108.57 165.05 OK
r-devel-linux-x86_64-debian-gcc 0.25 49.49 83.09 132.58 OK
r-devel-linux-x86_64-fedora-clang 0.25 210.42 NOTE
r-devel-linux-x86_64-fedora-gcc 0.25 202.89 NOTE
r-devel-windows-ix86+x86_64 0.25 133.00 222.00 355.00 NOTE
r-patched-linux-x86_64 0.25 57.19 101.77 158.96 OK
r-patched-solaris-x86 0.25 242.70 WARN
r-release-linux-x86_64 0.25 59.68 100.47 160.15 OK
r-release-windows-ix86+x86_64 0.25 144.00 220.00 364.00 NOTE
r-release-osx-x86_64 0.25 WARN
r-oldrel-windows-ix86+x86_64 0.25 80.00 228.00 308.00 NOTE
r-oldrel-osx-x86_64 0.25 WARN

Check Details

Version: 0.25
Check: installed package size
Result: NOTE
     installed size is 7.1Mb
     sub-directories of 1Mb or more:
     R 1.3Mb
     doc 3.2Mb
     libs 2.4Mb
Flavors: r-devel-linux-x86_64-fedora-clang, r-devel-windows-ix86+x86_64, r-patched-solaris-x86, r-release-windows-ix86+x86_64, r-release-osx-x86_64, r-oldrel-windows-ix86+x86_64, r-oldrel-osx-x86_64

Version: 0.25
Check: dependencies in R code
Result: NOTE
    Namespace in Imports field not imported from: 'knitr'
     All declared Imports should be used.
Flavors: r-devel-linux-x86_64-fedora-clang, r-devel-linux-x86_64-fedora-gcc, r-patched-solaris-x86, r-release-osx-x86_64, r-oldrel-osx-x86_64

Version: 0.25
Check: re-building of vignette outputs
Result: WARN
    Error in re-building vignettes:
     ...
    Warning in engine$weave(file, quiet = quiet, encoding = enc) :
     Pandoc (>= 1.12.3) and/or pandoc-citeproc not available. Falling back to R Markdown v1.
    Quitting from lines 238-239 (sdcTable.rmd)
    Error: processing vignette 'sdcTable.rmd' failed with diagnostics:
    cannot open the connection
    Execution halted
Flavors: r-patched-solaris-x86, r-release-osx-x86_64, r-oldrel-osx-x86_64