CRAN Package Check Results for Package womblR

Last updated on 2019-02-21 05:49:17 CET.

Flavor Version Tinstall Tcheck Ttotal Status Flags
r-devel-linux-x86_64-debian-clang 1.0.4 201.39 221.01 422.40 OK
r-devel-linux-x86_64-debian-gcc 1.0.4 160.55 175.98 336.53 OK
r-devel-linux-x86_64-fedora-clang 1.0.4 596.35 NOTE
r-devel-linux-x86_64-fedora-gcc 1.0.4 564.86 OK
r-devel-windows-ix86+x86_64 1.0.4 445.00 357.00 802.00 OK
r-patched-linux-x86_64 1.0.4 OK
r-patched-solaris-x86 1.0.4 807.70 OK
r-release-linux-x86_64 1.0.4 OK
r-release-windows-ix86+x86_64 1.0.4 325.00 449.00 774.00 OK
r-release-osx-x86_64 1.0.4 NOTE
r-oldrel-windows-ix86+x86_64 1.0.4 354.00 485.00 839.00 OK
r-oldrel-osx-x86_64 1.0.4 NOTE

Check Details

Version: 1.0.4
Check: installed package size
Result: NOTE
     installed size is 8.6Mb
     sub-directories of 1Mb or more:
     libs 7.8Mb
Flavors: r-devel-linux-x86_64-fedora-clang, r-release-osx-x86_64, r-oldrel-osx-x86_64