CRAN Package Check Results for Package womblR

Last updated on 2018-10-17 23:47:42 CEST.

Flavor Version Tinstall Tcheck Ttotal Status Flags
r-devel-linux-x86_64-debian-clang 1.0.3 208.30 226.60 434.90 OK
r-devel-linux-x86_64-debian-gcc 1.0.3 181.81 182.17 363.98 OK
r-devel-linux-x86_64-fedora-clang 1.0.3 604.67 NOTE
r-devel-linux-x86_64-fedora-gcc 1.0.3 580.43 OK
r-devel-windows-ix86+x86_64 1.0.3 459.00 369.00 828.00 OK
r-patched-linux-x86_64 1.0.3 234.82 215.80 450.62 OK
r-patched-solaris-x86 1.0.3 820.00 OK
r-release-linux-x86_64 1.0.3 229.08 215.35 444.43 OK
r-release-windows-ix86+x86_64 1.0.3 476.00 483.00 959.00 OK
r-release-osx-x86_64 1.0.3 NOTE
r-oldrel-windows-ix86+x86_64 1.0.3 446.00 373.00 819.00 OK
r-oldrel-osx-x86_64 1.0.3 NOTE

Check Details

Version: 1.0.3
Check: installed package size
Result: NOTE
     installed size is 9.1Mb
     sub-directories of 1Mb or more:
     libs 8.3Mb
Flavors: r-devel-linux-x86_64-fedora-clang, r-release-osx-x86_64, r-oldrel-osx-x86_64