CRAN Package Check Results for Package womblR

Last updated on 2018-12-09 21:47:25 CET.

Flavor Version Tinstall Tcheck Ttotal Status Flags
r-devel-linux-x86_64-debian-clang 1.0.4 194.99 222.07 417.06 OK
r-devel-linux-x86_64-debian-gcc 1.0.4 173.83 175.77 349.60 OK
r-devel-linux-x86_64-fedora-clang 1.0.4 581.01 NOTE
r-devel-linux-x86_64-fedora-gcc 1.0.4 563.86 OK
r-devel-windows-ix86+x86_64 1.0.4 378.00 419.00 797.00 OK
r-patched-linux-x86_64 1.0.4 219.16 221.34 440.50 OK
r-patched-solaris-x86 1.0.4 761.60 OK
r-release-linux-x86_64 1.0.4 212.05 217.05 429.10 OK
r-release-windows-ix86+x86_64 1.0.4 406.00 431.00 837.00 OK
r-release-osx-x86_64 1.0.4 NOTE
r-oldrel-windows-ix86+x86_64 1.0.4 249.00 295.00 544.00 OK
r-oldrel-osx-x86_64 1.0.4 NOTE

Check Details

Version: 1.0.4
Check: installed package size
Result: NOTE
     installed size is 9.1Mb
     sub-directories of 1Mb or more:
     libs 8.3Mb
Flavors: r-devel-linux-x86_64-fedora-clang, r-release-osx-x86_64, r-oldrel-osx-x86_64