CRAN Package Check Results for Package womblR

Last updated on 2018-08-14 22:51:05 CEST.

Flavor Version Tinstall Tcheck Ttotal Status Flags
r-devel-linux-x86_64-debian-clang 1.0.3 199.52 228.39 427.91 OK
r-devel-linux-x86_64-debian-gcc 1.0.3 183.56 179.99 363.55 OK
r-devel-linux-x86_64-fedora-clang 1.0.3 570.62 NOTE
r-devel-linux-x86_64-fedora-gcc 1.0.3 581.41 OK
r-devel-windows-ix86+x86_64 1.0.3 469.00 454.00 923.00 OK
r-patched-linux-x86_64 1.0.3 216.48 220.25 436.73 OK
r-patched-solaris-x86 1.0.3 869.70 OK
r-release-linux-x86_64 1.0.3 220.83 220.48 441.31 OK
r-release-windows-ix86+x86_64 1.0.3 377.00 468.00 845.00 OK
r-release-osx-x86_64 1.0.3 NOTE
r-oldrel-windows-ix86+x86_64 1.0.3 459.00 345.00 804.00 OK
r-oldrel-osx-x86_64 1.0.3 NOTE

Check Details

Version: 1.0.3
Check: installed package size
Result: NOTE
     installed size is 8.7Mb
     sub-directories of 1Mb or more:
     libs 7.9Mb
Flavors: r-devel-linux-x86_64-fedora-clang, r-release-osx-x86_64, r-oldrel-osx-x86_64