CRAN Package Check Results for Package ABACUS

Last updated on 2024-04-14 12:00:48 CEST.

Flavor Version Tinstall Tcheck Ttotal Status Flags
r-devel-linux-x86_64-debian-clang 1.0.0 4.70 59.01 63.71 NOTE
r-devel-linux-x86_64-debian-gcc 1.0.0 4.94 45.47 50.41 NOTE
r-devel-linux-x86_64-fedora-clang 1.0.0 83.39 NOTE
r-devel-linux-x86_64-fedora-gcc 1.0.0 99.46 NOTE
r-devel-windows-x86_64 1.0.0 9.00 79.00 88.00 NOTE
r-patched-linux-x86_64 1.0.0 5.67 54.79 60.46 NOTE
r-release-linux-x86_64 1.0.0 4.02 61.50 65.52 NOTE
r-release-macos-arm64 1.0.0 35.00 NOTE
r-release-macos-x86_64 1.0.0 53.00 NOTE
r-release-windows-x86_64 1.0.0 9.00 71.00 80.00 NOTE
r-oldrel-macos-arm64 1.0.0 28.00 NOTE
r-oldrel-windows-x86_64 1.0.0 11.00 99.00 110.00 NOTE

Check Details

Version: 1.0.0
Check: LazyData
Result: NOTE 'LazyData' is specified without a 'data' directory Flavors: r-devel-linux-x86_64-debian-clang, r-devel-linux-x86_64-debian-gcc, r-devel-linux-x86_64-fedora-clang, r-devel-linux-x86_64-fedora-gcc, r-devel-windows-x86_64, r-patched-linux-x86_64, r-release-linux-x86_64, r-release-macos-arm64, r-release-macos-x86_64, r-release-windows-x86_64, r-oldrel-macos-arm64, r-oldrel-windows-x86_64