CRAN Package Check Results for Package ABACUS

Last updated on 2022-05-20 01:50:58 CEST.

Flavor Version Tinstall Tcheck Ttotal Status Flags
r-devel-linux-x86_64-debian-clang 1.0.0 5.50 73.08 78.58 NOTE
r-devel-linux-x86_64-debian-gcc 1.0.0 4.39 53.05 57.44 NOTE
r-devel-linux-x86_64-fedora-clang 1.0.0 92.05 NOTE
r-devel-linux-x86_64-fedora-gcc 1.0.0 91.40 NOTE
r-devel-windows-x86_64 1.0.0 16.00 94.00 110.00 NOTE
r-patched-linux-x86_64 1.0.0 4.51 68.46 72.97 NOTE
r-release-linux-x86_64 1.0.0 6.18 69.50 75.68 NOTE
r-release-macos-arm64 1.0.0 28.00 NOTE
r-release-macos-x86_64 1.0.0 52.00 NOTE
r-release-windows-x86_64 1.0.0 18.00 103.00 121.00 NOTE
r-oldrel-macos-arm64 1.0.0 33.00 NOTE
r-oldrel-macos-x86_64 1.0.0 56.00 NOTE
r-oldrel-windows-ix86+x86_64 1.0.0 18.00 85.00 103.00 NOTE

Check Details

Version: 1.0.0
Check: LazyData
Result: NOTE
     'LazyData' is specified without a 'data' directory
Flavors: r-devel-linux-x86_64-debian-clang, r-devel-linux-x86_64-debian-gcc, r-devel-linux-x86_64-fedora-clang, r-devel-linux-x86_64-fedora-gcc, r-devel-windows-x86_64, r-patched-linux-x86_64, r-release-linux-x86_64, r-release-macos-arm64, r-release-macos-x86_64, r-release-windows-x86_64, r-oldrel-macos-arm64, r-oldrel-macos-x86_64, r-oldrel-windows-ix86+x86_64