Last updated on 2022-05-16 20:52:37 CEST.
Flavor | Version | Tinstall | Tcheck | Ttotal | Status | Flags |
---|---|---|---|---|---|---|
r-devel-linux-x86_64-debian-clang | 1.0.21 | 5.36 | 90.61 | 95.97 | OK | |
r-devel-linux-x86_64-debian-gcc | 1.0.21 | 4.81 | 65.92 | 70.73 | OK | |
r-devel-linux-x86_64-fedora-clang | 1.0.21 | 111.62 | NOTE | |||
r-devel-linux-x86_64-fedora-gcc | 1.0.21 | 107.84 | OK | |||
r-devel-windows-x86_64 | 1.0.21 | 38.00 | 135.00 | 173.00 | NOTE | |
r-patched-linux-x86_64 | 1.0.21 | 6.19 | 87.01 | 93.20 | OK | |
r-release-linux-x86_64 | 1.0.21 | 5.64 | 92.20 | 97.84 | OK | |
r-release-macos-arm64 | 1.0.21 | 32.00 | NOTE | |||
r-release-macos-x86_64 | 1.0.21 | 49.00 | NOTE | |||
r-release-windows-x86_64 | 1.0.21 | 37.00 | 116.00 | 153.00 | NOTE | |
r-oldrel-macos-arm64 | 1.0.21 | 34.00 | NOTE | |||
r-oldrel-macos-x86_64 | 1.0.21 | 48.00 | NOTE | |||
r-oldrel-windows-ix86+x86_64 | 1.0.21 | 12.00 | 109.00 | 121.00 | NOTE |
Version: 1.0.21
Check: installed package size
Result: NOTE
installed size is 7.6Mb
sub-directories of 1Mb or more:
doc 7.1Mb
Flavors: r-devel-linux-x86_64-fedora-clang, r-devel-windows-x86_64, r-release-macos-arm64, r-release-macos-x86_64, r-release-windows-x86_64, r-oldrel-macos-arm64, r-oldrel-macos-x86_64, r-oldrel-windows-ix86+x86_64
Version: 1.0.21
Check: package dependencies
Result: NOTE
Package suggested but not available for checking: ‘WGCNA’
Flavor: r-release-macos-arm64
Version: 1.0.21
Check: package dependencies
Result: NOTE
Package suggested but not available for checking: ‘DeconRNASeq’
Flavor: r-oldrel-macos-arm64
Version: 1.0.21
Check: package dependencies
Result: NOTE
Packages suggested but not available for checking: 'DeconRNASeq', 'WGCNA'
Flavor: r-oldrel-macos-x86_64