CRAN Package Check Results for Package ALSCPC

Last updated on 2024-04-15 02:53:09 CEST.

Flavor Version Tinstall Tcheck Ttotal Status Flags
r-devel-linux-x86_64-debian-clang 1.0 1.83 22.91 24.74 NOTE
r-devel-linux-x86_64-debian-gcc 1.0 1.75 12.82 14.57 NOTE
r-devel-linux-x86_64-fedora-clang 1.0 31.28 NOTE
r-devel-linux-x86_64-fedora-gcc 1.0 31.71 NOTE
r-devel-windows-x86_64 1.0 3.00 36.00 39.00 NOTE
r-patched-linux-x86_64 1.0 1.44 21.73 23.17 NOTE
r-release-linux-x86_64 1.0 2.12 21.97 24.09 NOTE
r-release-macos-arm64 1.0 16.00 NOTE
r-release-macos-x86_64 1.0 21.00 NOTE
r-release-windows-x86_64 1.0 3.00 36.00 39.00 NOTE
r-oldrel-macos-arm64 1.0 15.00 NOTE
r-oldrel-windows-x86_64 1.0 4.00 42.00 46.00 NOTE

Check Details

Version: 1.0
Check: DESCRIPTION meta-information
Result: NOTE Malformed Title field: should not end in a period. Flavors: r-devel-linux-x86_64-debian-clang, r-devel-linux-x86_64-debian-gcc, r-devel-linux-x86_64-fedora-clang, r-devel-linux-x86_64-fedora-gcc, r-devel-windows-x86_64, r-patched-linux-x86_64, r-release-linux-x86_64, r-release-macos-arm64, r-release-macos-x86_64, r-release-windows-x86_64, r-oldrel-macos-arm64, r-oldrel-windows-x86_64