Last updated on 2022-05-18 16:49:43 CEST.
Flavor | Version | Tinstall | Tcheck | Ttotal | Status | Flags |
---|---|---|---|---|---|---|
r-devel-linux-x86_64-debian-clang | 0.10.0 | 9.39 | 94.45 | 103.84 | OK | |
r-devel-linux-x86_64-debian-gcc | 0.10.0 | 6.65 | 68.69 | 75.34 | OK | |
r-devel-linux-x86_64-fedora-clang | 0.10.0 | 117.00 | NOTE | |||
r-devel-linux-x86_64-fedora-gcc | 0.10.0 | 113.61 | OK | |||
r-devel-windows-x86_64 | 0.10.0 | 54.00 | 126.00 | 180.00 | OK | |
r-patched-linux-x86_64 | 0.10.0 | 9.91 | 87.58 | 97.49 | OK | |
r-release-linux-x86_64 | 0.10.0 | 8.48 | 92.88 | 101.36 | OK | |
r-release-macos-arm64 | 0.10.0 | 36.00 | OK | |||
r-release-macos-x86_64 | 0.10.0 | 50.00 | OK | |||
r-release-windows-x86_64 | 0.10.0 | 43.00 | 134.00 | 177.00 | OK | |
r-oldrel-macos-arm64 | 0.10.0 | 36.00 | OK | |||
r-oldrel-macos-x86_64 | 0.10.0 | 62.00 | OK | |||
r-oldrel-windows-ix86+x86_64 | 0.10.0 | 20.00 | 111.00 | 131.00 | OK |
Version: 0.10.0
Check: Rd cross-references
Result: NOTE
Undeclared package ‘sf’ in Rd xrefs
Flavor: r-devel-linux-x86_64-fedora-clang