CRAN Package Check Results for Package APIS

Last updated on 2022-05-27 04:56:32 CEST.

Flavor Version Tinstall Tcheck Ttotal Status Flags
r-devel-linux-x86_64-debian-clang 1.0.1 7.53 93.36 100.89 OK
r-devel-linux-x86_64-debian-gcc 1.0.1 5.88 69.04 74.92 OK
r-devel-linux-x86_64-fedora-clang 1.0.1 120.47 NOTE
r-devel-linux-x86_64-fedora-gcc 1.0.1 120.44 NOTE
r-devel-windows-x86_64 1.0.1 16.00 168.00 184.00 OK
r-patched-linux-x86_64 1.0.1 7.56 86.11 93.67 OK
r-release-linux-x86_64 1.0.1 7.74 88.09 95.83 OK
r-release-macos-arm64 1.0.1 62.00 OK
r-release-macos-x86_64 1.0.1 73.00 OK
r-release-windows-x86_64 1.0.1 23.00 164.00 187.00 OK
r-oldrel-macos-arm64 1.0.1 61.00 OK
r-oldrel-macos-x86_64 1.0.1 106.00 OK
r-oldrel-windows-ix86+x86_64 1.0.1 21.00 201.00 222.00 OK

Check Details

Version: 1.0.1
Check: compiled code
Result: NOTE
    File ‘APIS/libs/APIS.so’:
     Found no calls to: ‘R_registerRoutines’, ‘R_useDynamicSymbols’
    
    It is good practice to register native routines and to disable symbol
    search.
    
    See ‘Writing portable packages’ in the ‘Writing R Extensions’ manual.
Flavors: r-devel-linux-x86_64-fedora-clang, r-devel-linux-x86_64-fedora-gcc