Last updated on 2022-05-28 05:53:02 CEST.
Flavor | Version | Tinstall | Tcheck | Ttotal | Status | Flags |
---|---|---|---|---|---|---|
r-devel-linux-x86_64-debian-clang | 0.1.2 | 77.89 | 91.22 | 169.11 | OK | |
r-devel-linux-x86_64-debian-gcc | 0.1.2 | 61.35 | 68.21 | 129.56 | OK | |
r-devel-linux-x86_64-fedora-clang | 0.1.2 | 227.09 | NOTE | |||
r-devel-linux-x86_64-fedora-gcc | 0.1.2 | 215.93 | OK | |||
r-devel-windows-x86_64 | 0.1.2 | 68.00 | 120.00 | 188.00 | OK | |
r-patched-linux-x86_64 | 0.1.2 | 70.20 | 86.52 | 156.72 | OK | |
r-release-linux-x86_64 | 0.1.2 | 70.02 | 85.45 | 155.47 | OK | |
r-release-macos-arm64 | 0.1.2 | 52.00 | NOTE | |||
r-release-macos-x86_64 | 0.1.2 | 70.00 | NOTE | |||
r-release-windows-x86_64 | 0.1.2 | 69.00 | 121.00 | 190.00 | OK | |
r-oldrel-macos-arm64 | 0.1.2 | 45.00 | NOTE | |||
r-oldrel-macos-x86_64 | 0.1.2 | 66.00 | NOTE | |||
r-oldrel-windows-ix86+x86_64 | 0.1.2 | 159.00 | 136.00 | 295.00 | OK |
Version: 0.1.2
Check: installed package size
Result: NOTE
installed size is 15.1Mb
sub-directories of 1Mb or more:
libs 14.8Mb
Flavors: r-devel-linux-x86_64-fedora-clang, r-release-macos-arm64, r-release-macos-x86_64, r-oldrel-macos-arm64, r-oldrel-macos-x86_64