CRAN Package Check Results for Package ARpLMEC

Last updated on 2022-05-23 20:53:31 CEST.

Flavor Version Tinstall Tcheck Ttotal Status Flags
r-devel-linux-x86_64-debian-clang 2.3 0.46 11.89 12.35 ERROR
r-devel-linux-x86_64-debian-gcc 2.4 19.64 115.45 135.09 OK
r-devel-linux-x86_64-fedora-clang 2.4 226.34 OK
r-devel-linux-x86_64-fedora-gcc 2.4 224.78 OK
r-devel-windows-x86_64 2.4 24.00 120.00 144.00 OK
r-patched-linux-x86_64 2.4 27.08 151.61 178.69 OK
r-release-linux-x86_64 2.4 OK
r-release-macos-arm64 2.4 72.00 OK
r-release-macos-x86_64 2.4 114.00 OK
r-release-windows-x86_64 2.3 25.00 144.00 169.00 OK
r-oldrel-macos-arm64 2.4 70.00 OK
r-oldrel-macos-x86_64 2.4 108.00 OK
r-oldrel-windows-ix86+x86_64 2.4 43.00 168.00 211.00 OK

Check Details

Version: 2.3
Check: package dependencies
Result: ERROR
    Package required but not available: 'MomTrunc'
    
    See section 'The DESCRIPTION file' in the 'Writing R Extensions'
    manual.
Flavor: r-devel-linux-x86_64-debian-clang