CRAN Package Check Results for Package ATNr

Last updated on 2023-02-08 16:52:01 CET.

Flavor Version Tinstall Tcheck Ttotal Status Flags
r-devel-linux-x86_64-debian-clang 1.0.2 131.01 92.75 223.76 NOTE
r-devel-linux-x86_64-debian-gcc 1.0.2 105.17 69.90 175.07 NOTE
r-devel-linux-x86_64-fedora-clang 1.0.2 303.41 NOTE
r-devel-linux-x86_64-fedora-gcc 1.0.2 315.15 NOTE
r-devel-windows-x86_64 1.0.2 187.00 182.00 369.00 NOTE
r-patched-linux-x86_64 1.0.2 107.17 91.32 198.49 OK
r-release-linux-x86_64 1.0.2 101.37 90.45 191.82 OK
r-release-macos-arm64 1.0.2 84.00 NOTE
r-release-macos-x86_64 1.0.2 131.00 NOTE
r-release-windows-x86_64 1.0.2 104.00 182.00 286.00 OK
r-oldrel-macos-arm64 1.0.2 80.00 NOTE
r-oldrel-macos-x86_64 1.0.2 138.00 NOTE
r-oldrel-windows-ix86+x86_64 1.0.2 293.00 183.00 476.00 OK

Check Details

Version: 1.0.2
Check: C++ specification
Result: NOTE
     Specified C++11: please update to current default of C++17
Flavors: r-devel-linux-x86_64-debian-clang, r-devel-windows-x86_64

Version: 1.0.2
Check: C++ specification
Result: NOTE
     Specified C++11: please drop specification unless essential
Flavors: r-devel-linux-x86_64-debian-gcc, r-devel-linux-x86_64-fedora-clang, r-devel-linux-x86_64-fedora-gcc

Version: 1.0.2
Check: installed package size
Result: NOTE
     installed size is 10.4Mb
     sub-directories of 1Mb or more:
     libs 9.7Mb
Flavors: r-release-macos-arm64, r-release-macos-x86_64, r-oldrel-macos-arm64, r-oldrel-macos-x86_64