CRAN Package Check Results for Package ATbounds

Last updated on 2022-05-17 01:50:42 CEST.

Flavor Version Tinstall Tcheck Ttotal Status Flags
r-devel-linux-x86_64-debian-clang 0.1.0 3.31 148.45 151.76 OK
r-devel-linux-x86_64-debian-gcc 0.1.0 1.67 122.67 124.34 OK
r-devel-linux-x86_64-fedora-clang 0.1.0 177.82 OK
r-devel-linux-x86_64-fedora-gcc 0.1.0 182.64 OK
r-devel-windows-x86_64 0.1.0 27.00 218.00 245.00 OK
r-patched-linux-x86_64 0.1.0 3.24 176.50 179.74 OK
r-release-linux-x86_64 0.1.0 3.08 149.63 152.71 OK
r-release-macos-arm64 0.1.0 60.00 OK
r-release-macos-x86_64 0.1.0 66.00 OK
r-release-windows-x86_64 0.1.0 25.00 232.00 257.00 OK
r-oldrel-macos-arm64 0.1.0 82.00 OK
r-oldrel-macos-x86_64 0.1.0 63.00 OK
r-oldrel-windows-ix86+x86_64 0.1.0 7.00 148.00 155.00 WARN

Check Details

Version: 0.1.0
Check: re-building of vignette outputs
Result: WARN
    Error(s) in re-building vignettes:
    --- re-building 'ATbounds_vignette.Rmd' using rmarkdown
    Quitting from lines 43-51 (ATbounds_vignette.Rmd)
    Error: processing vignette 'ATbounds_vignette.Rmd' failed with diagnostics:
    cannot open the connection
    --- failed re-building 'ATbounds_vignette.Rmd'
    
    SUMMARY: processing the following file failed:
     'ATbounds_vignette.Rmd'
    
    Error: Vignette re-building failed.
    Execution halted
Flavor: r-oldrel-windows-ix86+x86_64