CRAN Package Check Results for Package AdapSamp

Last updated on 2024-04-21 03:53:01 CEST.

Flavor Version Tinstall Tcheck Ttotal Status Flags
r-devel-linux-x86_64-debian-clang 1.1.1 2.62 33.12 35.74 NOTE
r-devel-linux-x86_64-debian-gcc 1.1.1 1.98 24.71 26.69 NOTE
r-devel-linux-x86_64-fedora-clang 1.1.1 44.85 NOTE
r-devel-linux-x86_64-fedora-gcc 1.1.1 46.87 NOTE
r-prerel-macos-arm64 1.1.1 16.00 NOTE
r-prerel-windows-x86_64 1.1.1 4.00 49.00 53.00 NOTE
r-patched-linux-x86_64 1.1.1 2.72 31.59 34.31 NOTE
r-release-linux-x86_64 1.1.1 2.81 32.50 35.31 NOTE
r-release-macos-arm64 1.1.1 18.00 NOTE
r-release-macos-x86_64 1.1.1 27.00 NOTE
r-release-windows-x86_64 1.1.1 3.00 50.00 53.00 NOTE
r-oldrel-macos-arm64 1.1.1 19.00 NOTE
r-oldrel-windows-x86_64 1.1.1 4.00 54.00 58.00 NOTE

Check Details

Version: 1.1.1
Check: LazyData
Result: NOTE 'LazyData' is specified without a 'data' directory Flavors: r-devel-linux-x86_64-debian-clang, r-devel-linux-x86_64-debian-gcc, r-devel-linux-x86_64-fedora-clang, r-devel-linux-x86_64-fedora-gcc, r-prerel-macos-arm64, r-prerel-windows-x86_64, r-patched-linux-x86_64, r-release-linux-x86_64, r-release-macos-arm64, r-release-macos-x86_64, r-release-windows-x86_64, r-oldrel-macos-arm64, r-oldrel-windows-x86_64