CRAN Package Check Results for Package AhoCorasickTrie

Last updated on 2022-05-20 21:52:45 CEST.

Flavor Version Tinstall Tcheck Ttotal Status Flags
r-devel-linux-x86_64-debian-clang 0.1.2 20.85 52.80 73.65 NOTE
r-devel-linux-x86_64-debian-gcc 0.1.2 19.74 40.67 60.41 NOTE
r-devel-linux-x86_64-fedora-clang 0.1.2 101.36 NOTE
r-devel-linux-x86_64-fedora-gcc 0.1.2 107.04 NOTE
r-devel-windows-x86_64 0.1.2 44.00 88.00 132.00 NOTE
r-patched-linux-x86_64 0.1.2 22.04 51.21 73.25 NOTE
r-release-linux-x86_64 0.1.2 20.67 52.42 73.09 NOTE
r-release-macos-arm64 0.1.2 29.00 NOTE
r-release-macos-x86_64 0.1.2 47.00 NOTE
r-release-windows-x86_64 0.1.2 38.00 95.00 133.00 NOTE
r-oldrel-macos-arm64 0.1.2 40.00 NOTE
r-oldrel-macos-x86_64 0.1.2 68.00 NOTE
r-oldrel-windows-ix86+x86_64 0.1.2 56.00 115.00 171.00 NOTE

Check Details

Version: 0.1.2
Check: LazyData
Result: NOTE
     'LazyData' is specified without a 'data' directory
Flavors: r-devel-linux-x86_64-debian-clang, r-devel-linux-x86_64-debian-gcc, r-devel-linux-x86_64-fedora-clang, r-devel-linux-x86_64-fedora-gcc, r-devel-windows-x86_64, r-patched-linux-x86_64, r-release-linux-x86_64, r-release-macos-arm64, r-release-macos-x86_64, r-release-windows-x86_64, r-oldrel-macos-arm64, r-oldrel-macos-x86_64, r-oldrel-windows-ix86+x86_64

Version: 0.1.2
Check: package dependencies
Result: NOTE
    Package suggested but not available for checking: ‘Biostrings’
Flavor: r-release-macos-arm64

Version: 0.1.2
Check: Rd cross-references
Result: NOTE
    Package unavailable to check Rd xrefs: ‘Biostrings’
Flavor: r-release-macos-arm64