CRAN Package Check Results for Package AntAngioCOOL

Last updated on 2024-04-23 08:57:38 CEST.

Flavor Version Tinstall Tcheck Ttotal Status Flags
r-devel-linux-x86_64-debian-clang 1.2 56.18 250.04 306.22 NOTE
r-devel-linux-x86_64-debian-gcc 1.2 47.49 182.09 229.58 NOTE
r-devel-linux-x86_64-fedora-clang 1.2 406.36 NOTE
r-devel-linux-x86_64-fedora-gcc 1.2 441.66 NOTE
r-prerel-macos-arm64 1.2 115.00 NOTE
r-prerel-windows-x86_64 1.2 59.00 180.00 239.00 NOTE
r-patched-linux-x86_64 1.2 52.00 240.23 292.23 NOTE
r-release-linux-x86_64 1.2 48.61 269.79 318.40 OK
r-release-macos-arm64 1.2 130.00 NOTE
r-release-macos-x86_64 1.2 212.00 NOTE
r-release-windows-x86_64 1.2 71.00 219.00 290.00 NOTE
r-oldrel-macos-arm64 1.2 103.00 NOTE
r-oldrel-windows-x86_64 1.2 72.00 200.00 272.00 NOTE

Check Details

Version: 1.2
Check: Rd files
Result: NOTE checkRd: (-1) AntAngioCOOL.Rd:33: Lost braces; missing escapes or markup? 33 | 2- K-mer composition that shows the fraction of all possible subsequences with length k in the given peptide. To compute k-mer composition features, reduced amino acid alphabet that proposed by Zahiri et al (Zahiri et al., 2014) has been exploited: the 20 alphabet of amino acids have been reduced to a new alphabet with size 8 according to 544 physicochemical and biochemical indices that extracted from AAIndex database (Kawashima et al., 2008) (C1={A, E}, C2={I, L, F, M, V}, C3={N, D, T, S}, C4={G}, C5={P}, C6={R, K, Q, H}, C7={Y, W}, C8={C}). We have computed k-mer composition for k=2,3,4 for each peptide. | ^ checkRd: (-1) AntAngioCOOL.Rd:33: Lost braces; missing escapes or markup? 33 | 2- K-mer composition that shows the fraction of all possible subsequences with length k in the given peptide. To compute k-mer composition features, reduced amino acid alphabet that proposed by Zahiri et al (Zahiri et al., 2014) has been exploited: the 20 alphabet of amino acids have been reduced to a new alphabet with size 8 according to 544 physicochemical and biochemical indices that extracted from AAIndex database (Kawashima et al., 2008) (C1={A, E}, C2={I, L, F, M, V}, C3={N, D, T, S}, C4={G}, C5={P}, C6={R, K, Q, H}, C7={Y, W}, C8={C}). We have computed k-mer composition for k=2,3,4 for each peptide. | ^ checkRd: (-1) AntAngioCOOL.Rd:33: Lost braces; missing escapes or markup? 33 | 2- K-mer composition that shows the fraction of all possible subsequences with length k in the given peptide. To compute k-mer composition features, reduced amino acid alphabet that proposed by Zahiri et al (Zahiri et al., 2014) has been exploited: the 20 alphabet of amino acids have been reduced to a new alphabet with size 8 according to 544 physicochemical and biochemical indices that extracted from AAIndex database (Kawashima et al., 2008) (C1={A, E}, C2={I, L, F, M, V}, C3={N, D, T, S}, C4={G}, C5={P}, C6={R, K, Q, H}, C7={Y, W}, C8={C}). We have computed k-mer composition for k=2,3,4 for each peptide. | ^ checkRd: (-1) AntAngioCOOL.Rd:33: Lost braces; missing escapes or markup? 33 | 2- K-mer composition that shows the fraction of all possible subsequences with length k in the given peptide. To compute k-mer composition features, reduced amino acid alphabet that proposed by Zahiri et al (Zahiri et al., 2014) has been exploited: the 20 alphabet of amino acids have been reduced to a new alphabet with size 8 according to 544 physicochemical and biochemical indices that extracted from AAIndex database (Kawashima et al., 2008) (C1={A, E}, C2={I, L, F, M, V}, C3={N, D, T, S}, C4={G}, C5={P}, C6={R, K, Q, H}, C7={Y, W}, C8={C}). We have computed k-mer composition for k=2,3,4 for each peptide. | ^ checkRd: (-1) AntAngioCOOL.Rd:33: Lost braces; missing escapes or markup? 33 | 2- K-mer composition that shows the fraction of all possible subsequences with length k in the given peptide. To compute k-mer composition features, reduced amino acid alphabet that proposed by Zahiri et al (Zahiri et al., 2014) has been exploited: the 20 alphabet of amino acids have been reduced to a new alphabet with size 8 according to 544 physicochemical and biochemical indices that extracted from AAIndex database (Kawashima et al., 2008) (C1={A, E}, C2={I, L, F, M, V}, C3={N, D, T, S}, C4={G}, C5={P}, C6={R, K, Q, H}, C7={Y, W}, C8={C}). We have computed k-mer composition for k=2,3,4 for each peptide. | ^ checkRd: (-1) AntAngioCOOL.Rd:33: Lost braces; missing escapes or markup? 33 | 2- K-mer composition that shows the fraction of all possible subsequences with length k in the given peptide. To compute k-mer composition features, reduced amino acid alphabet that proposed by Zahiri et al (Zahiri et al., 2014) has been exploited: the 20 alphabet of amino acids have been reduced to a new alphabet with size 8 according to 544 physicochemical and biochemical indices that extracted from AAIndex database (Kawashima et al., 2008) (C1={A, E}, C2={I, L, F, M, V}, C3={N, D, T, S}, C4={G}, C5={P}, C6={R, K, Q, H}, C7={Y, W}, C8={C}). We have computed k-mer composition for k=2,3,4 for each peptide. | ^ checkRd: (-1) AntAngioCOOL.Rd:33: Lost braces; missing escapes or markup? 33 | 2- K-mer composition that shows the fraction of all possible subsequences with length k in the given peptide. To compute k-mer composition features, reduced amino acid alphabet that proposed by Zahiri et al (Zahiri et al., 2014) has been exploited: the 20 alphabet of amino acids have been reduced to a new alphabet with size 8 according to 544 physicochemical and biochemical indices that extracted from AAIndex database (Kawashima et al., 2008) (C1={A, E}, C2={I, L, F, M, V}, C3={N, D, T, S}, C4={G}, C5={P}, C6={R, K, Q, H}, C7={Y, W}, C8={C}). We have computed k-mer composition for k=2,3,4 for each peptide. | ^ checkRd: (-1) AntAngioCOOL.Rd:33: Lost braces; missing escapes or markup? 33 | 2- K-mer composition that shows the fraction of all possible subsequences with length k in the given peptide. To compute k-mer composition features, reduced amino acid alphabet that proposed by Zahiri et al (Zahiri et al., 2014) has been exploited: the 20 alphabet of amino acids have been reduced to a new alphabet with size 8 according to 544 physicochemical and biochemical indices that extracted from AAIndex database (Kawashima et al., 2008) (C1={A, E}, C2={I, L, F, M, V}, C3={N, D, T, S}, C4={G}, C5={P}, C6={R, K, Q, H}, C7={Y, W}, C8={C}). We have computed k-mer composition for k=2,3,4 for each peptide. | ^ Flavors: r-devel-linux-x86_64-debian-clang, r-devel-linux-x86_64-debian-gcc, r-devel-linux-x86_64-fedora-clang, r-devel-linux-x86_64-fedora-gcc, r-prerel-macos-arm64, r-prerel-windows-x86_64, r-patched-linux-x86_64

Version: 1.2
Check: installed package size
Result: NOTE installed size is 34.5Mb sub-directories of 1Mb or more: R 34.4Mb Flavors: r-devel-linux-x86_64-fedora-clang, r-prerel-macos-arm64, r-prerel-windows-x86_64, r-release-macos-arm64, r-release-macos-x86_64, r-release-windows-x86_64, r-oldrel-macos-arm64, r-oldrel-windows-x86_64