Last updated on 2022-05-23 10:52:58 CEST.
Flavor | Version | Tinstall | Tcheck | Ttotal | Status | Flags |
---|---|---|---|---|---|---|
r-devel-linux-x86_64-debian-clang | 2.0.3 | 14.01 | 133.31 | 147.32 | OK | |
r-devel-linux-x86_64-debian-gcc | 2.0.3 | 10.46 | 101.61 | 112.07 | OK | |
r-devel-linux-x86_64-fedora-clang | 2.0.3 | 174.87 | NOTE | |||
r-devel-linux-x86_64-fedora-gcc | 2.0.3 | 182.30 | OK | |||
r-devel-windows-x86_64 | 2.0.3 | 54.00 | 160.00 | 214.00 | NOTE | |
r-patched-linux-x86_64 | 2.0.3 | 11.87 | 126.00 | 137.87 | OK | |
r-release-linux-x86_64 | 2.0.3 | OK | ||||
r-release-macos-arm64 | 2.0.3 | 45.00 | NOTE | |||
r-release-macos-x86_64 | 2.0.3 | 72.00 | NOTE | |||
r-release-windows-x86_64 | 2.0.3 | 48.00 | 154.00 | 202.00 | NOTE | |
r-oldrel-macos-arm64 | 2.0.3 | 52.00 | NOTE | |||
r-oldrel-macos-x86_64 | 2.0.3 | 67.00 | NOTE | |||
r-oldrel-windows-ix86+x86_64 | 2.0.3 | 30.00 | 154.00 | 184.00 | NOTE |
Version: 2.0.3
Check: installed package size
Result: NOTE
installed size is 5.2Mb
sub-directories of 1Mb or more:
data 4.9Mb
Flavors: r-devel-linux-x86_64-fedora-clang, r-devel-windows-x86_64, r-release-macos-arm64, r-release-macos-x86_64, r-release-windows-x86_64, r-oldrel-macos-arm64, r-oldrel-macos-x86_64, r-oldrel-windows-ix86+x86_64