Last updated on 2022-05-19 16:49:45 CEST.
Flavor | Version | Tinstall | Tcheck | Ttotal | Status | Flags |
---|---|---|---|---|---|---|
r-devel-linux-x86_64-debian-clang | 1.0.5 | 11.29 | 40.97 | 52.26 | OK | |
r-devel-linux-x86_64-debian-gcc | 1.0.5 | 8.36 | 31.13 | 39.49 | OK | |
r-devel-linux-x86_64-fedora-clang | 1.0.5 | 62.38 | NOTE | |||
r-devel-linux-x86_64-fedora-gcc | 1.0.5 | 67.96 | NOTE | |||
r-devel-windows-x86_64 | 1.0.5 | 49.00 | 60.00 | 109.00 | OK | |
r-patched-linux-x86_64 | 1.0.5 | 15.92 | 38.59 | 54.51 | OK | |
r-release-linux-x86_64 | 1.0.5 | 8.81 | 40.04 | 48.85 | OK | |
r-release-macos-arm64 | 1.0.5 | 22.00 | NOTE | |||
r-release-macos-x86_64 | 1.0.5 | 35.00 | NOTE | |||
r-release-windows-x86_64 | 1.0.5 | 40.00 | 66.00 | 106.00 | OK | |
r-oldrel-macos-arm64 | 1.0.5 | 23.00 | NOTE | |||
r-oldrel-macos-x86_64 | 1.0.5 | 31.00 | NOTE | |||
r-oldrel-windows-ix86+x86_64 | 1.0.5 | 19.00 | 59.00 | 78.00 | OK |
Version: 1.0.5
Check: dependencies in R code
Result: NOTE
Namespaces in Imports field not imported from:
‘R6’ ‘jose’ ‘openssl’
All declared Imports should be used.
Flavors: r-devel-linux-x86_64-fedora-clang, r-devel-linux-x86_64-fedora-gcc, r-release-macos-arm64, r-release-macos-x86_64, r-oldrel-macos-arm64, r-oldrel-macos-x86_64