CRAN Package Check Results for Package AzureQstor

Last updated on 2022-06-28 12:52:17 CEST.

Flavor Version Tinstall Tcheck Ttotal Status Flags
r-devel-linux-x86_64-debian-clang 1.0.1 3.58 28.53 32.11 OK
r-devel-linux-x86_64-debian-gcc 1.0.1 3.39 22.13 25.52 OK
r-devel-linux-x86_64-fedora-clang 1.0.1 50.04 NOTE
r-devel-linux-x86_64-fedora-gcc 1.0.1 48.80 NOTE
r-devel-windows-x86_64 1.0.1 18.00 58.00 76.00 OK
r-patched-linux-x86_64 1.0.1 7.91 28.15 36.06 OK
r-release-linux-x86_64 1.0.1 3.14 28.39 31.53 OK
r-release-macos-arm64 1.0.1 19.00 NOTE
r-release-macos-x86_64 1.0.1 28.00 NOTE
r-release-windows-x86_64 1.0.1 20.00 56.00 76.00 OK
r-oldrel-macos-arm64 1.0.1 22.00 NOTE
r-oldrel-macos-x86_64 1.0.1 32.00 NOTE
r-oldrel-windows-ix86+x86_64 1.0.1 9.00 47.00 56.00 OK

Check Details

Version: 1.0.1
Check: dependencies in R code
Result: NOTE
    Namespaces in Imports field not imported from:
     ‘httr’ ‘openssl’
     All declared Imports should be used.
Flavors: r-devel-linux-x86_64-fedora-clang, r-devel-linux-x86_64-fedora-gcc, r-release-macos-arm64, r-release-macos-x86_64, r-oldrel-macos-arm64, r-oldrel-macos-x86_64