CRAN Package Check Results for Package AzureStor

Last updated on 2022-05-22 15:53:12 CEST.

Flavor Version Tinstall Tcheck Ttotal Status Flags
r-devel-linux-x86_64-debian-clang 3.6.1 8.30 54.16 62.46 OK
r-devel-linux-x86_64-debian-gcc 3.6.1 5.44 41.77 47.21 OK
r-devel-linux-x86_64-fedora-clang 3.6.1 73.45 NOTE
r-devel-linux-x86_64-fedora-gcc 3.6.1 79.87 NOTE
r-devel-windows-x86_64 3.6.1 62.00 80.00 142.00 OK
r-patched-linux-x86_64 3.6.1 10.91 51.68 62.59 OK
r-release-linux-x86_64 3.6.1 7.09 53.21 60.30 OK
r-release-macos-arm64 3.6.1 25.00 NOTE
r-release-macos-x86_64 3.6.1 40.00 NOTE
r-release-windows-x86_64 3.6.1 66.00 76.00 142.00 OK
r-oldrel-macos-arm64 3.6.1 23.00 NOTE
r-oldrel-macos-x86_64 3.6.1 35.00 NOTE
r-oldrel-windows-ix86+x86_64 3.6.1 14.00 68.00 82.00 OK

Check Details

Version: 3.6.1
Check: dependencies in R code
Result: NOTE
    Namespace in Imports field not imported from: ‘R6’
     All declared Imports should be used.
Flavors: r-devel-linux-x86_64-fedora-clang, r-devel-linux-x86_64-fedora-gcc, r-release-macos-arm64, r-release-macos-x86_64, r-oldrel-macos-arm64, r-oldrel-macos-x86_64