CRAN Package Check Results for Package BACCT

Last updated on 2022-05-19 09:53:07 CEST.

Flavor Version Tinstall Tcheck Ttotal Status Flags
r-devel-linux-x86_64-debian-clang 1.0 6.38 66.09 72.47 NOTE
r-devel-linux-x86_64-debian-gcc 1.0 3.93 49.63 53.56 NOTE
r-devel-linux-x86_64-fedora-clang 1.0 85.51 NOTE
r-devel-linux-x86_64-fedora-gcc 1.0 82.23 NOTE
r-devel-windows-x86_64 1.0 13.00 80.00 93.00 NOTE
r-patched-linux-x86_64 1.0 6.67 61.75 68.42 NOTE
r-release-linux-x86_64 1.0 5.44 63.11 68.55 NOTE
r-release-macos-arm64 1.0 28.00 NOTE
r-release-macos-x86_64 1.0 40.00 NOTE
r-release-windows-x86_64 1.0 14.00 80.00 94.00 NOTE
r-oldrel-macos-arm64 1.0 19.00 NOTE
r-oldrel-macos-x86_64 1.0 44.00 NOTE
r-oldrel-windows-ix86+x86_64 1.0 16.00 77.00 93.00 NOTE

Check Details

Version: 1.0
Check: LazyData
Result: NOTE
     'LazyData' is specified without a 'data' directory
Flavors: r-devel-linux-x86_64-debian-clang, r-devel-linux-x86_64-debian-gcc, r-devel-linux-x86_64-fedora-clang, r-devel-linux-x86_64-fedora-gcc, r-devel-windows-x86_64, r-patched-linux-x86_64, r-release-linux-x86_64, r-release-macos-arm64, r-release-macos-x86_64, r-release-windows-x86_64, r-oldrel-macos-arm64, r-oldrel-macos-x86_64, r-oldrel-windows-ix86+x86_64