CRAN Package Check Results for Package BART

Last updated on 2022-01-24 12:52:02 CET.

Flavor Version Tinstall Tcheck Ttotal Status Flags
r-devel-linux-x86_64-debian-clang 2.9 152.87 166.97 319.84 OK
r-devel-linux-x86_64-debian-gcc 2.9 109.81 124.50 234.31 OK
r-devel-linux-x86_64-fedora-clang 2.9 461.47 NOTE
r-devel-linux-x86_64-fedora-gcc 2.9 427.41 OK
r-devel-windows-x86_64-new-UL 2.9 183.00 217.00 400.00 NOTE
r-devel-windows-x86_64-new-TK 2.9 OK
r-patched-linux-x86_64 2.9 141.65 159.63 301.28 OK
r-release-linux-x86_64 2.9 140.66 159.88 300.54 OK
r-release-macos-arm64 2.9 NOTE
r-release-macos-x86_64 2.9 NOTE
r-release-windows-ix86+x86_64 2.9 352.00 226.00 578.00 NOTE
r-oldrel-macos-x86_64 2.9 NOTE
r-oldrel-windows-ix86+x86_64 2.9 353.00 225.00 578.00 NOTE

Check Details

Version: 2.9
Check: installed package size
Result: NOTE
     installed size is 8.5Mb
     sub-directories of 1Mb or more:
     data 3.2Mb
     libs 3.9Mb
Flavors: r-devel-linux-x86_64-fedora-clang, r-devel-windows-x86_64-new-UL, r-release-macos-arm64, r-release-macos-x86_64, r-release-windows-ix86+x86_64, r-oldrel-macos-x86_64, r-oldrel-windows-ix86+x86_64