Last updated on 2022-05-19 07:50:03 CEST.
Flavor | Version | Tinstall | Tcheck | Ttotal | Status | Flags |
---|---|---|---|---|---|---|
r-devel-linux-x86_64-debian-clang | 0.0.4 | 24.12 | 237.22 | 261.34 | NOTE | |
r-devel-linux-x86_64-debian-gcc | 0.0.4 | 19.73 | 176.73 | 196.46 | NOTE | |
r-devel-linux-x86_64-fedora-clang | 0.0.4 | 296.74 | NOTE | |||
r-devel-linux-x86_64-fedora-gcc | 0.0.4 | 312.68 | NOTE | |||
r-devel-windows-x86_64 | 0.0.4 | 21.00 | 211.00 | 232.00 | NOTE | |
r-patched-linux-x86_64 | 0.0.4 | 19.60 | 227.39 | 246.99 | NOTE | |
r-release-linux-x86_64 | 0.0.4 | 22.03 | 231.70 | 253.73 | NOTE | |
r-release-macos-arm64 | 0.0.4 | 75.00 | NOTE | |||
r-release-macos-x86_64 | 0.0.4 | 148.00 | NOTE | |||
r-release-windows-x86_64 | 0.0.4 | 22.00 | 212.00 | 234.00 | NOTE | |
r-oldrel-macos-arm64 | 0.0.4 | 106.00 | NOTE | |||
r-oldrel-macos-x86_64 | 0.0.4 | 149.00 | NOTE | |||
r-oldrel-windows-ix86+x86_64 | 0.0.4 | 44.00 | 216.00 | 260.00 | NOTE |
Version: 0.0.4
Check: LazyData
Result: NOTE
'LazyData' is specified without a 'data' directory
Flavors: r-devel-linux-x86_64-debian-clang, r-devel-linux-x86_64-debian-gcc, r-devel-linux-x86_64-fedora-clang, r-devel-linux-x86_64-fedora-gcc, r-devel-windows-x86_64, r-patched-linux-x86_64, r-release-linux-x86_64, r-release-macos-arm64, r-release-macos-x86_64, r-release-windows-x86_64, r-oldrel-macos-arm64, r-oldrel-macos-x86_64, r-oldrel-windows-ix86+x86_64