CRAN Package Check Results for Package BBEST

Last updated on 2022-05-22 18:53:17 CEST.

Flavor Version Tinstall Tcheck Ttotal Status Flags
r-devel-linux-x86_64-debian-clang 0.1-8 11.49 87.85 99.34 NOTE
r-devel-linux-x86_64-debian-gcc 0.1-8 8.57 65.45 74.02 NOTE
r-devel-linux-x86_64-fedora-clang 0.1-8 116.86 NOTE
r-devel-linux-x86_64-fedora-gcc 0.1-8 113.08 NOTE
r-devel-windows-x86_64 0.1-8 28.00 100.00 128.00 NOTE
r-patched-linux-x86_64 0.1-8 9.51 81.24 90.75 NOTE
r-release-linux-x86_64 0.1-8 11.36 81.32 92.68 NOTE
r-release-macos-arm64 0.1-8 32.00 NOTE
r-release-macos-x86_64 0.1-8 57.00 NOTE
r-release-windows-x86_64 0.1-8 31.00 98.00 129.00 NOTE
r-oldrel-macos-arm64 0.1-8 39.00 NOTE
r-oldrel-macos-x86_64 0.1-8 60.00 NOTE
r-oldrel-windows-ix86+x86_64 0.1-8 30.00 93.00 123.00 NOTE

Check Details

Version: 0.1-8
Check: LazyData
Result: NOTE
     'LazyData' is specified without a 'data' directory
Flavors: r-devel-linux-x86_64-debian-clang, r-devel-linux-x86_64-debian-gcc, r-devel-linux-x86_64-fedora-clang, r-devel-linux-x86_64-fedora-gcc, r-devel-windows-x86_64, r-patched-linux-x86_64, r-release-linux-x86_64, r-release-macos-arm64, r-release-macos-x86_64, r-release-windows-x86_64, r-oldrel-macos-arm64, r-oldrel-macos-x86_64, r-oldrel-windows-ix86+x86_64