Last updated on 2022-05-18 19:51:57 CEST.
Flavor | Version | Tinstall | Tcheck | Ttotal | Status | Flags |
---|---|---|---|---|---|---|
r-devel-linux-x86_64-debian-clang | 1.0.3 | 4.92 | 79.92 | 84.84 | OK | |
r-devel-linux-x86_64-debian-gcc | 1.0.3 | 4.77 | 58.36 | 63.13 | OK | |
r-devel-linux-x86_64-fedora-clang | 1.0.3 | 98.82 | NOTE | |||
r-devel-linux-x86_64-fedora-gcc | 1.0.3 | 100.48 | NOTE | |||
r-devel-windows-x86_64 | 1.0.3 | 14.00 | 112.00 | 126.00 | OK | |
r-patched-linux-x86_64 | 1.0.3 | 5.32 | 73.95 | 79.27 | OK | |
r-release-linux-x86_64 | 1.0.3 | 4.54 | 72.87 | 77.41 | OK | |
r-release-macos-arm64 | 1.0.3 | 35.00 | NOTE | |||
r-release-macos-x86_64 | 1.0.3 | 69.00 | NOTE | |||
r-release-windows-x86_64 | 1.0.3 | 14.00 | 117.00 | 131.00 | OK | |
r-oldrel-macos-arm64 | 1.0.3 | 45.00 | NOTE | |||
r-oldrel-macos-x86_64 | 1.0.3 | 47.00 | NOTE | |||
r-oldrel-windows-ix86+x86_64 | 1.0.3 | 17.00 | 114.00 | 131.00 | OK |
Version: 1.0.3
Check: dependencies in R code
Result: NOTE
Namespace in Imports field not imported from: ‘Rdpack’
All declared Imports should be used.
Flavors: r-devel-linux-x86_64-fedora-clang, r-devel-linux-x86_64-fedora-gcc, r-release-macos-arm64, r-release-macos-x86_64, r-oldrel-macos-arm64, r-oldrel-macos-x86_64