Last updated on 2022-05-16 05:50:07 CEST.
Flavor | Version | Tinstall | Tcheck | Ttotal | Status | Flags |
---|---|---|---|---|---|---|
r-devel-linux-x86_64-debian-clang | 0.1.3 | 12.55 | 105.53 | 118.08 | NOTE | |
r-devel-linux-x86_64-debian-gcc | 0.1.3 | 11.32 | 76.23 | 87.55 | NOTE | |
r-devel-linux-x86_64-fedora-clang | 0.1.3 | 140.11 | NOTE | |||
r-devel-linux-x86_64-fedora-gcc | 0.1.3 | 138.01 | NOTE | |||
r-devel-windows-x86_64 | 0.1.3 | 22.00 | 113.00 | 135.00 | NOTE | |
r-patched-linux-x86_64 | 0.1.3 | 11.26 | 98.95 | 110.21 | NOTE | |
r-release-linux-x86_64 | 0.1.3 | 10.76 | 101.47 | 112.23 | NOTE | |
r-release-macos-arm64 | 0.1.3 | 35.00 | NOTE | |||
r-release-macos-x86_64 | 0.1.3 | 66.00 | NOTE | |||
r-release-windows-x86_64 | 0.1.3 | 32.00 | 118.00 | 150.00 | NOTE | |
r-oldrel-macos-arm64 | 0.1.3 | 43.00 | NOTE | |||
r-oldrel-macos-x86_64 | 0.1.3 | 68.00 | NOTE | |||
r-oldrel-windows-ix86+x86_64 | 0.1.3 | 26.00 | 117.00 | 143.00 | NOTE |
Version: 0.1.3
Check: LazyData
Result: NOTE
'LazyData' is specified without a 'data' directory
Flavors: r-devel-linux-x86_64-debian-clang, r-devel-linux-x86_64-debian-gcc, r-devel-linux-x86_64-fedora-clang, r-devel-linux-x86_64-fedora-gcc, r-devel-windows-x86_64, r-patched-linux-x86_64, r-release-linux-x86_64, r-release-macos-arm64, r-release-macos-x86_64, r-release-windows-x86_64, r-oldrel-macos-arm64, r-oldrel-macos-x86_64, r-oldrel-windows-ix86+x86_64