CRAN Package Check Results for Package BGmisc

Last updated on 2022-05-17 21:50:41 CEST.

Flavor Version Tinstall Tcheck Ttotal Status Flags
r-devel-linux-x86_64-debian-clang 0.1 4.09 33.38 37.47 NOTE
r-devel-linux-x86_64-debian-gcc 0.1 2.47 26.33 28.80 NOTE
r-devel-linux-x86_64-fedora-clang 0.1 46.23 NOTE
r-devel-linux-x86_64-fedora-gcc 0.1 44.82 NOTE
r-devel-windows-x86_64 0.1 16.00 51.00 67.00 NOTE
r-patched-linux-x86_64 0.1 4.16 32.71 36.87 NOTE
r-release-linux-x86_64 0.1 2.70 32.90 35.60 NOTE
r-release-macos-arm64 0.1 18.00 NOTE
r-release-macos-x86_64 0.1 22.00 NOTE
r-release-windows-x86_64 0.1 17.00 50.00 67.00 NOTE
r-oldrel-macos-arm64 0.1 22.00 NOTE
r-oldrel-macos-x86_64 0.1 30.00 NOTE
r-oldrel-windows-ix86+x86_64 0.1 7.00 44.00 51.00 NOTE

Check Details

Version: 0.1
Check: LazyData
Result: NOTE
     'LazyData' is specified without a 'data' directory
Flavors: r-devel-linux-x86_64-debian-clang, r-devel-linux-x86_64-debian-gcc, r-devel-linux-x86_64-fedora-clang, r-devel-linux-x86_64-fedora-gcc, r-devel-windows-x86_64, r-patched-linux-x86_64, r-release-linux-x86_64, r-release-macos-arm64, r-release-macos-x86_64, r-release-windows-x86_64, r-oldrel-macos-arm64, r-oldrel-macos-x86_64, r-oldrel-windows-ix86+x86_64