CRAN Package Check Results for Package BH

Last updated on 2022-01-28 04:00:41 CET.

Flavor Version Tinstall Tcheck Ttotal Status Flags
r-devel-linux-x86_64-debian-clang 1.78.0-0 32.61 54.46 87.07 OK
r-devel-linux-x86_64-debian-gcc 1.78.0-0 22.91 42.85 65.76 OK
r-devel-linux-x86_64-fedora-clang 1.78.0-0 72.35 NOTE
r-devel-linux-x86_64-fedora-gcc 1.78.0-0 61.50 OK
r-devel-windows-x86_64-new-UL 1.78.0-0 20903.00 566.00 21469.00 NOTE
r-devel-windows-x86_64-new-TK 1.78.0-0 OK
r-patched-linux-x86_64 1.78.0-0 29.74 52.68 82.42 OK
r-release-linux-x86_64 1.78.0-0 26.49 52.75 79.24 OK
r-release-macos-arm64 1.78.0-0 NOTE
r-release-macos-x86_64 1.78.0-0 NOTE
r-release-windows-ix86+x86_64 1.78.0-0 128.00 56.00 184.00 NOTE
r-oldrel-macos-x86_64 1.78.0-0 NOTE
r-oldrel-windows-ix86+x86_64 1.78.0-0 132.00 58.00 190.00 NOTE

Check Details

Version: 1.78.0-0
Check: installed package size
Result: NOTE
     installed size is 150.7Mb
     sub-directories of 1Mb or more:
     include 150.6Mb
Flavors: r-devel-linux-x86_64-fedora-clang, r-devel-windows-x86_64-new-UL, r-release-macos-arm64, r-release-macos-x86_64, r-release-windows-ix86+x86_64, r-oldrel-macos-x86_64, r-oldrel-windows-ix86+x86_64