CRAN Package Check Results for Package BIFIEsurvey

Last updated on 2022-05-20 07:49:15 CEST.

Flavor Version Tinstall Tcheck Ttotal Status Flags
r-devel-linux-x86_64-debian-clang 3.4-15 153.15 114.95 268.10 OK
r-devel-linux-x86_64-debian-gcc 3.4-15 135.90 84.56 220.46 OK
r-devel-linux-x86_64-fedora-clang 3.4-15 390.51 NOTE
r-devel-linux-x86_64-fedora-gcc 3.4-15 368.79 OK
r-devel-windows-x86_64 3.4-15 232.00 158.00 390.00 OK
r-patched-linux-x86_64 3.4-15 143.88 104.23 248.11 OK
r-release-linux-x86_64 3.4-15 102.61 107.79 210.40 OK
r-release-macos-arm64 3.4-15 89.00 NOTE
r-release-macos-x86_64 3.4-15 138.00 NOTE
r-release-windows-x86_64 3.4-15 193.00 155.00 348.00 OK
r-oldrel-macos-arm64 3.4-15 87.00 NOTE
r-oldrel-macos-x86_64 3.4-15 107.00 NOTE
r-oldrel-windows-ix86+x86_64 3.4-15 370.00 173.00 543.00 NOTE

Check Details

Version: 3.4-15
Check: installed package size
Result: NOTE
     installed size is 8.2Mb
     sub-directories of 1Mb or more:
     data 1.4Mb
     libs 6.3Mb
Flavors: r-devel-linux-x86_64-fedora-clang, r-release-macos-arm64, r-release-macos-x86_64, r-oldrel-macos-arm64, r-oldrel-macos-x86_64, r-oldrel-windows-ix86+x86_64