Last updated on 2022-06-28 12:52:18 CEST.
Flavor | Version | Tinstall | Tcheck | Ttotal | Status | Flags |
---|---|---|---|---|---|---|
r-devel-linux-x86_64-debian-clang | 3.0.3 | 30.68 | 72.62 | 103.30 | OK | |
r-devel-linux-x86_64-debian-gcc | 3.0.3 | 26.29 | 56.00 | 82.29 | OK | |
r-devel-linux-x86_64-fedora-clang | 3.0.3 | 140.17 | NOTE | |||
r-devel-linux-x86_64-fedora-gcc | 3.0.3 | 136.64 | NOTE | |||
r-devel-windows-x86_64 | 3.0.3 | 59.00 | 94.00 | 153.00 | OK | |
r-patched-linux-x86_64 | 3.0.3 | 21.76 | 69.72 | 91.48 | OK | |
r-release-linux-x86_64 | 3.0.3 | 21.42 | 70.09 | 91.51 | OK | |
r-release-macos-arm64 | 3.0.3 | 53.00 | NOTE | |||
r-release-macos-x86_64 | 3.0.3 | 75.00 | NOTE | |||
r-release-windows-x86_64 | 3.0.3 | 78.00 | 91.00 | 169.00 | OK | |
r-oldrel-macos-arm64 | 3.0.3 | 65.00 | NOTE | |||
r-oldrel-macos-x86_64 | 3.0.3 | 66.00 | NOTE | |||
r-oldrel-windows-ix86+x86_64 | 3.0.3 | 58.00 | 88.00 | 146.00 | OK |
Version: 3.0.3
Check: dependencies in R code
Result: NOTE
Namespace in Imports field not imported from: ‘httr’
All declared Imports should be used.
Flavors: r-devel-linux-x86_64-fedora-clang, r-devel-linux-x86_64-fedora-gcc, r-release-macos-arm64, r-release-macos-x86_64, r-oldrel-macos-arm64, r-oldrel-macos-x86_64