CRAN Package Check Results for Package BLCOP

Last updated on 2022-05-18 04:49:31 CEST.

Flavor Version Tinstall Tcheck Ttotal Status Flags
r-devel-linux-x86_64-debian-clang 0.3.3 16.69 128.88 145.57 OK
r-devel-linux-x86_64-debian-gcc 0.3.3 11.82 96.86 108.68 OK
r-devel-linux-x86_64-fedora-clang 0.3.3 167.58 NOTE
r-devel-linux-x86_64-fedora-gcc 0.3.3 165.45 NOTE
r-devel-windows-x86_64 0.3.3 37.00 143.00 180.00 OK
r-patched-linux-x86_64 0.3.3 14.52 121.56 136.08 OK
r-release-linux-x86_64 0.3.3 13.62 120.28 133.90 OK
r-release-macos-arm64 0.3.3 51.00 NOTE
r-release-macos-x86_64 0.3.3 76.00 NOTE
r-release-windows-x86_64 0.3.3 34.00 143.00 177.00 OK
r-oldrel-macos-arm64 0.3.3 51.00 NOTE
r-oldrel-macos-x86_64 0.3.3 79.00 NOTE
r-oldrel-windows-ix86+x86_64 0.3.3 33.00 132.00 165.00 OK

Check Details

Version: 0.3.3
Check: dependencies in R code
Result: NOTE
    Namespaces in Imports field not imported from:
     ‘knitr’ ‘rmarkdown’
     All declared Imports should be used.
Flavors: r-devel-linux-x86_64-fedora-clang, r-devel-linux-x86_64-fedora-gcc, r-release-macos-arm64, r-release-macos-x86_64, r-oldrel-macos-arm64, r-oldrel-macos-x86_64