CRAN Package Check Results for Package BLModel

Last updated on 2022-05-19 08:52:01 CEST.

Flavor Version Tinstall Tcheck Ttotal Status Flags
r-devel-linux-x86_64-debian-clang 1.0.2 2.31 33.71 36.02 NOTE
r-devel-linux-x86_64-debian-gcc 1.0.2 1.86 26.56 28.42 NOTE
r-devel-linux-x86_64-fedora-clang 1.0.2 43.93 NOTE
r-devel-linux-x86_64-fedora-gcc 1.0.2 43.46 NOTE
r-devel-windows-x86_64 1.0.2 21.00 56.00 77.00 NOTE
r-patched-linux-x86_64 1.0.2 2.26 33.07 35.33 NOTE
r-release-linux-x86_64 1.0.2 2.46 32.37 34.83 NOTE
r-release-macos-arm64 1.0.2 18.00 NOTE
r-release-macos-x86_64 1.0.2 23.00 NOTE
r-release-windows-x86_64 1.0.2 20.00 54.00 74.00 NOTE
r-oldrel-macos-arm64 1.0.2 22.00 NOTE
r-oldrel-macos-x86_64 1.0.2 29.00 NOTE
r-oldrel-windows-ix86+x86_64 1.0.2 5.00 46.00 51.00 NOTE

Check Details

Version: 1.0.2
Check: LazyData
Result: NOTE
     'LazyData' is specified without a 'data' directory
Flavors: r-devel-linux-x86_64-debian-clang, r-devel-linux-x86_64-debian-gcc, r-devel-linux-x86_64-fedora-clang, r-devel-linux-x86_64-fedora-gcc, r-devel-windows-x86_64, r-patched-linux-x86_64, r-release-linux-x86_64, r-release-macos-arm64, r-release-macos-x86_64, r-release-windows-x86_64, r-oldrel-macos-arm64, r-oldrel-macos-x86_64, r-oldrel-windows-ix86+x86_64