Last updated on 2022-05-18 05:53:18 CEST.
Flavor | Version | Tinstall | Tcheck | Ttotal | Status | Flags |
---|---|---|---|---|---|---|
r-devel-linux-x86_64-debian-clang | 2.1.6 | 72.31 | 172.34 | 244.65 | OK | |
r-devel-linux-x86_64-debian-gcc | 2.1.6 | 68.12 | 126.37 | 194.49 | OK | |
r-devel-linux-x86_64-fedora-clang | 2.1.6 | 305.36 | OK | |||
r-devel-linux-x86_64-fedora-gcc | 2.1.6 | 309.57 | OK | |||
r-devel-windows-x86_64 | 2.1.6 | 60.00 | 165.00 | 225.00 | OK | |
r-patched-linux-x86_64 | 2.1.6 | 66.74 | 163.90 | 230.64 | OK | |
r-release-linux-x86_64 | 2.1.6 | 69.62 | 163.93 | 233.55 | OK | |
r-release-macos-arm64 | 2.1.6 | 106.00 | OK | |||
r-release-macos-x86_64 | 2.1.6 | 207.00 | NOTE | |||
r-release-windows-x86_64 | 2.1.6 | 66.00 | 159.00 | 225.00 | OK | |
r-oldrel-macos-arm64 | 2.1.6 | 156.00 | OK | |||
r-oldrel-macos-x86_64 | 2.1.6 | 140.00 | OK | |||
r-oldrel-windows-ix86+x86_64 | 2.1.6 | 151.00 | 197.00 | 348.00 | OK |
Version: 2.1.6
Check: installed package size
Result: NOTE
installed size is 5.0Mb
sub-directories of 1Mb or more:
libs 4.7Mb
Flavor: r-release-macos-x86_64