Last updated on 2022-05-16 09:50:02 CEST.
Flavor | Version | Tinstall | Tcheck | Ttotal | Status | Flags |
---|---|---|---|---|---|---|
r-devel-linux-x86_64-debian-clang | 1.8.2 | 95.15 | 380.53 | 475.68 | OK | |
r-devel-linux-x86_64-debian-gcc | 1.8.2 | 77.85 | 285.52 | 363.37 | OK | |
r-devel-linux-x86_64-fedora-clang | 1.8.2 | 583.75 | NOTE | |||
r-devel-linux-x86_64-fedora-gcc | 1.8.2 | 581.18 | NOTE | |||
r-devel-windows-x86_64 | 1.8.2 | 185.00 | 463.00 | 648.00 | NOTE | |
r-patched-linux-x86_64 | 1.8.2 | 90.96 | 367.68 | 458.64 | OK | |
r-release-linux-x86_64 | 1.8.2 | 84.17 | 375.73 | 459.90 | OK | |
r-release-macos-arm64 | 1.8.2 | 163.00 | NOTE | |||
r-release-macos-x86_64 | 1.8.2 | 210.00 | NOTE | |||
r-release-windows-x86_64 | 1.8.2 | 232.00 | 473.00 | 705.00 | NOTE | |
r-oldrel-macos-arm64 | 1.8.2 | 218.00 | NOTE | |||
r-oldrel-macos-x86_64 | 1.8.2 | 334.00 | NOTE | |||
r-oldrel-windows-ix86+x86_64 | 1.8.2 | 214.00 | 612.00 | 826.00 | NOTE |
Version: 1.8.2
Check: installed package size
Result: NOTE
installed size is 7.5Mb
sub-directories of 1Mb or more:
R 1.2Mb
data 3.3Mb
libs 2.3Mb
Flavors: r-devel-linux-x86_64-fedora-clang, r-devel-windows-x86_64, r-release-macos-arm64, r-release-macos-x86_64, r-release-windows-x86_64, r-oldrel-macos-arm64, r-oldrel-macos-x86_64, r-oldrel-windows-ix86+x86_64
Version: 1.8.2
Check: dependencies in R code
Result: NOTE
Namespace in Imports field not imported from: ‘glpkAPI’
All declared Imports should be used.
Flavors: r-devel-linux-x86_64-fedora-clang, r-devel-linux-x86_64-fedora-gcc, r-release-macos-arm64, r-release-macos-x86_64, r-oldrel-macos-arm64, r-oldrel-macos-x86_64