CRAN Package Check Results for Package Barycenter

Last updated on 2022-05-20 02:52:50 CEST.

Flavor Version Tinstall Tcheck Ttotal Status Flags
r-devel-linux-x86_64-debian-clang 1.3.1 62.98 42.78 105.76 OK
r-devel-linux-x86_64-debian-gcc 1.3.1 51.52 33.09 84.61 OK
r-devel-linux-x86_64-fedora-clang 1.3.1 152.50 NOTE
r-devel-linux-x86_64-fedora-gcc 1.3.1 136.38 OK
r-devel-windows-x86_64 1.3.1 63.00 81.00 144.00 OK
r-patched-linux-x86_64 1.3.1 50.60 41.72 92.32 OK
r-release-linux-x86_64 1.3.1 53.38 41.64 95.02 OK
r-release-macos-arm64 1.3.1 39.00 NOTE
r-release-macos-x86_64 1.3.1 55.00 NOTE
r-release-windows-x86_64 1.3.1 64.00 86.00 150.00 OK
r-oldrel-macos-arm64 1.3.1 44.00 NOTE
r-oldrel-macos-x86_64 1.3.1 80.00 NOTE
r-oldrel-windows-ix86+x86_64 1.3.1 157.00 95.00 252.00 NOTE

Check Details

Version: 1.3.1
Check: installed package size
Result: NOTE
     installed size is 5.3Mb
     sub-directories of 1Mb or more:
     data 2.8Mb
     libs 2.3Mb
Flavors: r-devel-linux-x86_64-fedora-clang, r-release-macos-arm64, r-release-macos-x86_64, r-oldrel-macos-arm64, r-oldrel-macos-x86_64, r-oldrel-windows-ix86+x86_64