Last updated on 2023-03-20 12:51:03 CET.
Flavor | Version | Tinstall | Tcheck | Ttotal | Status | Flags |
---|---|---|---|---|---|---|
r-devel-linux-x86_64-debian-clang | 2.1 | NOTE | ||||
r-devel-linux-x86_64-debian-gcc | 2.1 | 8.21 | 20.22 | 28.43 | NOTE | |
r-devel-linux-x86_64-fedora-clang | 2.1 | 51.43 | NOTE | |||
r-devel-linux-x86_64-fedora-gcc | 2.1 | 49.28 | NOTE | |||
r-devel-windows-x86_64 | 2.1 | 44.00 | 53.00 | 97.00 | NOTE | |
r-patched-linux-x86_64 | 2.1 | 8.60 | 26.32 | 34.92 | OK | |
r-release-linux-x86_64 | 2.1 | 9.14 | 25.77 | 34.91 | OK | |
r-release-macos-arm64 | 2.1 | 19.00 | OK | |||
r-release-macos-x86_64 | 2.1 | 26.00 | OK | |||
r-release-windows-x86_64 | 2.1 | 18.00 | 59.00 | 77.00 | OK | |
r-oldrel-macos-arm64 | 2.1 | 26.00 | OK | |||
r-oldrel-macos-x86_64 | 2.1 | 33.00 | OK | |||
r-oldrel-windows-ix86+x86_64 | 2.1 | 28.00 | 45.00 | 73.00 | OK |
Version: 2.1
Check: package subdirectories
Result: NOTE
Problems with news in ‘NEWS.md’:
No news entries found.
Flavors: r-devel-linux-x86_64-debian-clang, r-devel-linux-x86_64-debian-gcc, r-devel-linux-x86_64-fedora-clang, r-devel-linux-x86_64-fedora-gcc, r-devel-windows-x86_64