CRAN Package Check Results for Package BayesLogit

Last updated on 2023-11-30 13:48:34 CET.

Flavor Version Tinstall Tcheck Ttotal Status Flags
r-devel-linux-x86_64-debian-clang 2.1 12.87 25.29 38.16 NOTE
r-devel-linux-x86_64-debian-gcc 2.1 8.61 20.27 28.88 NOTE
r-devel-linux-x86_64-fedora-clang 2.1 52.44 NOTE
r-devel-linux-x86_64-fedora-gcc 2.1 50.01 NOTE
r-devel-windows-x86_64 2.1 16.00 44.00 60.00 NOTE
r-patched-linux-x86_64 2.1 10.22 26.07 36.29 NOTE
r-release-linux-x86_64 2.1 9.92 25.68 35.60 NOTE
r-release-macos-arm64 2.1 21.00 NOTE
r-release-macos-x86_64 2.1 28.00 NOTE
r-release-windows-x86_64 2.1 13.00 46.00 59.00 NOTE
r-oldrel-macos-arm64 2.1 21.00 OK
r-oldrel-macos-x86_64 2.1 26.00 OK
r-oldrel-windows-x86_64 2.1 18.00 59.00 77.00 OK

Check Details

Version: 2.1
Check: package subdirectories
Result: NOTE Problems with news in ‘NEWS.md’: No news entries found. Flavors: r-devel-linux-x86_64-debian-clang, r-devel-linux-x86_64-debian-gcc, r-devel-linux-x86_64-fedora-clang, r-devel-linux-x86_64-fedora-gcc, r-devel-windows-x86_64, r-patched-linux-x86_64, r-release-linux-x86_64, r-release-macos-arm64, r-release-macos-x86_64, r-release-windows-x86_64