Last updated on 2023-05-30 14:56:40 CEST.
Flavor | Version | Tinstall | Tcheck | Ttotal | Status | Flags |
---|---|---|---|---|---|---|
r-devel-linux-x86_64-debian-clang | 1.0.0 | 57.07 | 137.29 | 194.36 | NOTE | |
r-devel-linux-x86_64-debian-gcc | 1.0.0 | 40.77 | 104.79 | 145.56 | NOTE | |
r-devel-linux-x86_64-fedora-clang | 1.0.0 | 256.77 | NOTE | |||
r-devel-linux-x86_64-fedora-gcc | 1.0.0 | 269.89 | NOTE | |||
r-devel-windows-x86_64 | 1.0.0 | 42.00 | 187.00 | 229.00 | NOTE | |
r-patched-linux-x86_64 | 1.0.0 | 43.54 | 130.58 | 174.12 | NOTE | |
r-release-linux-x86_64 | 1.0.0 | 42.90 | 130.54 | 173.44 | NOTE | |
r-release-macos-arm64 | 1.0.0 | 81.00 | NOTE | |||
r-release-macos-x86_64 | 1.0.0 | 132.00 | NOTE | |||
r-release-windows-x86_64 | 1.0.0 | 56.00 | 180.00 | 236.00 | NOTE | |
r-oldrel-macos-arm64 | 1.0.0 | 68.00 | OK | |||
r-oldrel-macos-x86_64 | 1.0.0 | 135.00 | OK | |||
r-oldrel-windows-x86_64 | 1.0.0 | 57.00 | 178.00 | 235.00 | OK |
Version: 1.0.0
Check: C++ specification
Result: NOTE
Specified C++11: please drop specification unless essential
Flavors: r-devel-linux-x86_64-debian-clang, r-devel-linux-x86_64-debian-gcc, r-devel-linux-x86_64-fedora-clang, r-devel-linux-x86_64-fedora-gcc, r-devel-windows-x86_64, r-patched-linux-x86_64, r-release-linux-x86_64, r-release-macos-arm64, r-release-macos-x86_64, r-release-windows-x86_64