Last updated on 2022-05-16 16:52:07 CEST.
Flavor | Version | Tinstall | Tcheck | Ttotal | Status | Flags |
---|---|---|---|---|---|---|
r-devel-linux-x86_64-debian-clang | 0.1.0 | 15.72 | 149.09 | 164.81 | OK | |
r-devel-linux-x86_64-debian-gcc | 0.1.0 | 13.26 | 109.83 | 123.09 | OK | |
r-devel-linux-x86_64-fedora-clang | 0.1.0 | 188.12 | NOTE | |||
r-devel-linux-x86_64-fedora-gcc | 0.1.0 | 195.13 | NOTE | |||
r-devel-windows-x86_64 | 0.1.0 | 33.00 | 157.00 | 190.00 | OK | |
r-patched-linux-x86_64 | 0.1.0 | 15.01 | 138.50 | 153.51 | OK | |
r-release-linux-x86_64 | 0.1.0 | 13.69 | 137.57 | 151.26 | OK | |
r-release-macos-arm64 | 0.1.0 | 62.00 | NOTE | |||
r-release-macos-x86_64 | 0.1.0 | 76.00 | NOTE | |||
r-release-windows-x86_64 | 0.1.0 | 52.00 | 153.00 | 205.00 | OK | |
r-oldrel-macos-arm64 | 0.1.0 | 53.00 | NOTE | |||
r-oldrel-macos-x86_64 | 0.1.0 | 68.00 | NOTE | |||
r-oldrel-windows-ix86+x86_64 | 0.1.0 | 34.00 | 151.00 | 185.00 | OK |
Version: 0.1.0
Check: dependencies in R code
Result: NOTE
Namespaces in Imports field not imported from:
‘fda’ ‘tidyverse’
All declared Imports should be used.
Flavors: r-devel-linux-x86_64-fedora-clang, r-devel-linux-x86_64-fedora-gcc, r-release-macos-arm64, r-release-macos-x86_64, r-oldrel-macos-arm64, r-oldrel-macos-x86_64