Last updated on 2022-05-17 21:50:41 CEST.
Flavor | Version | Tinstall | Tcheck | Ttotal | Status | Flags |
---|---|---|---|---|---|---|
r-devel-linux-x86_64-debian-clang | 1.4 | 46.97 | 38.67 | 85.64 | WARN | |
r-devel-linux-x86_64-debian-gcc | 1.4 | 34.95 | 30.14 | 65.09 | OK | |
r-devel-linux-x86_64-fedora-clang | 1.4 | 117.51 | WARN | |||
r-devel-linux-x86_64-fedora-gcc | 1.4 | 99.03 | OK | |||
r-devel-windows-x86_64 | 1.4 | 103.00 | 80.00 | 183.00 | OK | |
r-patched-linux-x86_64 | 1.4 | 31.48 | 39.06 | 70.54 | OK | |
r-release-linux-x86_64 | 1.4 | 30.33 | 38.66 | 68.99 | OK | |
r-release-macos-arm64 | 1.4 | 30.00 | OK | |||
r-release-macos-x86_64 | 1.4 | 41.00 | OK | |||
r-release-windows-x86_64 | 1.4 | 78.00 | 84.00 | 162.00 | OK | |
r-oldrel-macos-arm64 | 1.4 | 67.00 | OK | |||
r-oldrel-macos-x86_64 | 1.4 | 62.00 | OK | |||
r-oldrel-windows-ix86+x86_64 | 1.4 | 96.00 | 92.00 | 188.00 | OK |
Version: 1.4
Check: whether package can be installed
Result: WARN
Found the following significant warnings:
BayesReversePLLH.cpp:439:10: warning: use of bitwise '&' with boolean operands [-Wbitwise-instead-of-logical]
BayesReversePLLH.cpp:1129:10: warning: use of bitwise '&' with boolean operands [-Wbitwise-instead-of-logical]
BayesReversePLLH.cpp:1172:10: warning: use of bitwise '&' with boolean operands [-Wbitwise-instead-of-logical]
BayesReversePLLH.cpp:3029:10: warning: use of bitwise '&' with boolean operands [-Wbitwise-instead-of-logical]
Flavors: r-devel-linux-x86_64-debian-clang, r-devel-linux-x86_64-fedora-clang