CRAN Package Check Results for Package BeeGUTS

Last updated on 2023-01-31 17:53:59 CET.

Flavor Version Tinstall Tcheck Ttotal Status Flags
r-devel-linux-x86_64-debian-clang 1.0.0 279.80 121.45 401.25 NOTE
r-devel-linux-x86_64-debian-gcc 1.0.0 240.16 104.62 344.78 NOTE
r-devel-linux-x86_64-fedora-clang 1.0.0 492.87 NOTE
r-devel-linux-x86_64-fedora-gcc 1.0.0 579.51 NOTE
r-devel-windows-x86_64 1.0.0 238.00 212.00 450.00 NOTE
r-patched-linux-x86_64 1.0.0 244.53 136.26 380.79 NOTE
r-release-linux-x86_64 1.0.0 212.75 136.22 348.97 NOTE
r-release-macos-arm64 1.0.0 150.00 NOTE
r-release-macos-x86_64 1.0.0 198.00 NOTE
r-release-windows-x86_64 1.0.0 203.00 208.00 411.00 NOTE
r-oldrel-macos-arm64 1.0.0 148.00 NOTE
r-oldrel-macos-x86_64 1.0.0 198.00 NOTE
r-oldrel-windows-ix86+x86_64 1.0.0 590.00 233.00 823.00 NOTE

Additional issues

donttest

Check Details

Version: 1.0.0
Check: C++ specification
Result: NOTE
     Specified C++14: please update to current default of C++17
Flavors: r-devel-linux-x86_64-debian-clang, r-devel-linux-x86_64-debian-gcc, r-devel-linux-x86_64-fedora-clang, r-devel-linux-x86_64-fedora-gcc, r-devel-windows-x86_64

Version: 1.0.0
Check: for GNU extensions in Makefiles
Result: NOTE
    GNU make is a SystemRequirements.
Flavors: r-devel-linux-x86_64-debian-clang, r-devel-linux-x86_64-debian-gcc, r-devel-linux-x86_64-fedora-clang, r-devel-linux-x86_64-fedora-gcc, r-devel-windows-x86_64, r-patched-linux-x86_64, r-release-linux-x86_64, r-release-macos-arm64, r-release-macos-x86_64, r-release-windows-x86_64, r-oldrel-macos-arm64, r-oldrel-macos-x86_64, r-oldrel-windows-ix86+x86_64

Version: 1.0.0
Check: installed package size
Result: NOTE
     installed size is 7.9Mb
     sub-directories of 1Mb or more:
     data 4.1Mb
     libs 3.2Mb
Flavors: r-devel-linux-x86_64-fedora-clang, r-devel-windows-x86_64, r-release-macos-arm64, r-release-macos-x86_64, r-release-windows-x86_64, r-oldrel-macos-arm64, r-oldrel-macos-x86_64, r-oldrel-windows-ix86+x86_64