Last updated on 2022-05-29 13:51:11 CEST.
Flavor | Version | Tinstall | Tcheck | Ttotal | Status | Flags |
---|---|---|---|---|---|---|
r-devel-linux-x86_64-debian-clang | 1.07 | 8.34 | 34.53 | 42.87 | OK | |
r-devel-linux-x86_64-debian-gcc | 1.07 | 7.20 | 27.28 | 34.48 | OK | |
r-devel-linux-x86_64-fedora-clang | 1.07 | 55.55 | NOTE | |||
r-devel-linux-x86_64-fedora-gcc | 1.07 | 53.56 | NOTE | |||
r-devel-windows-x86_64 | 1.07 | 30.00 | 66.00 | 96.00 | OK | |
r-patched-linux-x86_64 | 1.07 | 7.61 | 33.77 | 41.38 | OK | |
r-release-linux-x86_64 | 1.07 | 7.92 | 33.81 | 41.73 | OK | |
r-release-macos-arm64 | 1.07 | 25.00 | OK | |||
r-release-macos-x86_64 | 1.07 | 28.00 | OK | |||
r-release-windows-x86_64 | 1.07 | 16.00 | 66.00 | 82.00 | OK | |
r-oldrel-macos-arm64 | 1.07 | 29.00 | OK | |||
r-oldrel-macos-x86_64 | 1.07 | 39.00 | OK | |||
r-oldrel-windows-ix86+x86_64 | 1.07 | 23.00 | 45.00 | 68.00 | OK |
Version: 1.07
Check: compiled code
Result: NOTE
File ‘BiasedUrn/libs/BiasedUrn.so’:
Found no calls to: ‘R_registerRoutines’, ‘R_useDynamicSymbols’
It is good practice to register native routines and to disable symbol
search.
See ‘Writing portable packages’ in the ‘Writing R Extensions’ manual.
Flavors: r-devel-linux-x86_64-fedora-clang, r-devel-linux-x86_64-fedora-gcc